Last updated on 2025-05-28 06:51:27 CEST.
Flavor | Version | Tinstall | Tcheck | Ttotal | Status | Flags |
---|---|---|---|---|---|---|
r-devel-linux-x86_64-debian-clang | 0.8.1 | 299.93 | 506.10 | 806.03 | NOTE | |
r-devel-linux-x86_64-debian-gcc | 0.8.1 | 250.05 | 361.08 | 611.13 | NOTE | |
r-devel-linux-x86_64-fedora-clang | 0.8.1 | 1207.41 | NOTE | |||
r-devel-linux-x86_64-fedora-gcc | 0.8.1 | 1290.87 | NOTE | |||
r-devel-windows-x86_64 | 0.8.1 | 259.00 | 587.00 | 846.00 | NOTE | |
r-patched-linux-x86_64 | 0.8.1 | 328.31 | 504.04 | 832.35 | NOTE | |
r-release-linux-x86_64 | 0.8.1 | 317.59 | 505.33 | 822.92 | NOTE | |
r-release-macos-arm64 | 0.8.1 | 314.00 | NOTE | |||
r-release-macos-x86_64 | 0.8.1 | 684.00 | NOTE | |||
r-release-windows-x86_64 | 0.8.1 | 280.00 | 595.00 | 875.00 | NOTE | |
r-oldrel-macos-arm64 | 0.8.1 | 179.00 | NOTE | |||
r-oldrel-macos-x86_64 | 0.8.1 | 326.00 | NOTE | |||
r-oldrel-windows-x86_64 | 0.8.1 | 317.00 | 739.00 | 1056.00 | NOTE |
Version: 0.8.1
Check: DESCRIPTION meta-information
Result: NOTE
Missing dependency on R >= 4.1.0 because package code uses the pipe
|> or function shorthand \(...) syntax added in R 4.1.0.
File(s) using such syntax:
‘impacts.R’ ‘posterior_predict.R’
Flavors: r-devel-linux-x86_64-debian-clang, r-devel-linux-x86_64-debian-gcc, r-devel-linux-x86_64-fedora-clang, r-devel-linux-x86_64-fedora-gcc, r-devel-windows-x86_64, r-patched-linux-x86_64, r-release-linux-x86_64, r-release-macos-arm64, r-release-macos-x86_64, r-release-windows-x86_64
Version: 0.8.1
Check: dependencies in R code
Result: NOTE
Namespaces in Imports field not imported from:
‘RcppParallel’ ‘rstantools’ ‘spData’
All declared Imports should be used.
Flavors: r-devel-linux-x86_64-fedora-clang, r-devel-linux-x86_64-fedora-gcc
Version: 0.8.1
Check: installed package size
Result: NOTE
installed size is 111.8Mb
sub-directories of 1Mb or more:
doc 1.2Mb
libs 109.4Mb
Flavors: r-oldrel-macos-arm64, r-oldrel-macos-x86_64, r-oldrel-windows-x86_64
Version: 0.8.1
Check: for GNU extensions in Makefiles
Result: NOTE
GNU make is a SystemRequirements.
Flavors: r-oldrel-macos-arm64, r-oldrel-macos-x86_64, r-oldrel-windows-x86_64