CRAN Package Check Results for Package geppe

Last updated on 2025-11-03 17:49:50 CET.

Flavor Version Tinstall Tcheck Ttotal Status Flags
r-devel-linux-x86_64-debian-clang 1.0 2.39 26.43 28.82 NOTE
r-devel-linux-x86_64-debian-gcc 1.0 1.86 21.44 23.30 NOTE
r-devel-linux-x86_64-fedora-clang 1.0 11.00 34.50 45.50 NOTE
r-devel-linux-x86_64-fedora-gcc 1.0 13.00 30.04 43.04 NOTE
r-devel-windows-x86_64 1.0 4.00 44.00 48.00 NOTE
r-patched-linux-x86_64 1.0 2.75 24.97 27.72 OK
r-release-linux-x86_64 1.0 2.27 24.99 27.26 OK
r-release-macos-arm64 1.0 2.00 18.00 20.00 OK
r-release-macos-x86_64 1.0 4.00 27.00 31.00 OK
r-release-windows-x86_64 1.0 4.00 43.00 47.00 OK
r-oldrel-macos-arm64 1.0 2.00 17.00 19.00 OK
r-oldrel-macos-x86_64 1.0 2.00 31.00 33.00 OK
r-oldrel-windows-x86_64 1.0 5.00 50.00 55.00 OK

Check Details

Version: 1.0
Check: Rd files
Result: NOTE checkRd: (-1) geppe-package.Rd:11-17: Only 3 columns allowed in this table (row 1 has 2) checkRd: (-1) geppe-package.Rd:11-17: Only 3 columns allowed in this table (row 2 has 2) checkRd: (-1) geppe-package.Rd:11-17: Only 3 columns allowed in this table (row 3 has 2) checkRd: (-1) geppe-package.Rd:11-17: Only 3 columns allowed in this table (row 4 has 2) checkRd: (-1) geppe-package.Rd:11-17: Only 3 columns allowed in this table (row 5 has 2) Flavors: r-devel-linux-x86_64-debian-clang, r-devel-linux-x86_64-debian-gcc, r-devel-linux-x86_64-fedora-clang, r-devel-linux-x86_64-fedora-gcc, r-devel-windows-x86_64

mirror server hosted at Truenetwork, Russian Federation.