Last updated on 2025-05-18 06:49:15 CEST.
Flavor | Version | Tinstall | Tcheck | Ttotal | Status | Flags |
---|---|---|---|---|---|---|
r-devel-linux-x86_64-debian-clang | 1.0-21 | 4.35 | 40.90 | 45.25 | NOTE | |
r-devel-linux-x86_64-debian-gcc | 1.0-21 | 3.85 | 33.39 | 37.24 | NOTE | |
r-devel-linux-x86_64-fedora-clang | 1.0-21 | 75.39 | OK | |||
r-devel-linux-x86_64-fedora-gcc | 1.0-21 | 90.74 | OK | |||
r-devel-windows-x86_64 | 1.0-21 | 4.00 | 59.00 | 63.00 | OK | |
r-patched-linux-x86_64 | 1.0-21 | 4.52 | 40.06 | 44.58 | OK | |
r-release-linux-x86_64 | 1.0-21 | 4.28 | 40.19 | 44.47 | OK | |
r-release-macos-arm64 | 1.0-21 | 44.00 | OK | |||
r-release-macos-x86_64 | 1.0-21 | 56.00 | OK | |||
r-release-windows-x86_64 | 1.0-21 | 4.00 | 77.00 | 81.00 | OK | |
r-oldrel-macos-arm64 | 1.0-21 | 37.00 | OK | |||
r-oldrel-macos-x86_64 | 1.0-21 | 49.00 | OK | |||
r-oldrel-windows-x86_64 | 1.0-21 | 5.00 | 63.00 | 68.00 | OK |
Version: 1.0-21
Check: CRAN incoming feasibility
Result: NOTE
Maintainer: ‘Ivan Bezerra Allaman <ivanalaman@gmail.com>’
No Authors@R field in DESCRIPTION.
Please add one, modifying
Authors@R: c(person(given = c("Ivan", "Bezerra"),
family = "Allaman",
role = c("aut", "cre"),
email = "ivanalaman@gmail.com"),
person(given = c("Jose", "Claudio"),
family = "Faria",
role = "aut",
email = "joseclaudio.faria@gmail.com"))
as necessary.
Flavors: r-devel-linux-x86_64-debian-clang, r-devel-linux-x86_64-debian-gcc