CRAN Package Check Results for Package gfcanalysis

Last updated on 2025-07-12 18:49:41 CEST.

Flavor Version Tinstall Tcheck Ttotal Status Flags
r-devel-linux-x86_64-debian-clang 1.8.0 32.13 273.09 305.22 NOTE
r-devel-linux-x86_64-debian-gcc 1.8.0 21.09 179.65 200.74 NOTE
r-devel-linux-x86_64-fedora-clang 1.8.0 479.79 OK
r-devel-linux-x86_64-fedora-gcc 1.8.0 438.23 OK
r-devel-windows-x86_64 1.8.0 31.00 205.00 236.00 NOTE
r-patched-linux-x86_64 1.8.0 33.35 255.58 288.93 NOTE
r-release-linux-x86_64 1.8.0 28.21 254.73 282.94 NOTE
r-release-macos-arm64 1.8.0 129.00 OK
r-release-macos-x86_64 1.8.0 215.00 OK
r-release-windows-x86_64 1.8.0 31.00 201.00 232.00 NOTE
r-oldrel-macos-arm64 1.8.0 98.00 OK
r-oldrel-macos-x86_64 1.8.0 173.00 OK
r-oldrel-windows-x86_64 1.8.0 42.00 286.00 328.00 OK

Check Details

Version: 1.8.0
Check: Rd cross-references
Result: NOTE Found the following Rd file(s) with Rd \link{} targets missing package anchors: extract_gfc.Rd: writeRaster scale_by_pixel_area.Rd: dataType scale_toar.Rd: writeRaster Please provide package anchors for all Rd \link{} targets not in the package itself and the base packages. Flavors: r-devel-linux-x86_64-debian-clang, r-devel-linux-x86_64-debian-gcc, r-devel-windows-x86_64, r-patched-linux-x86_64, r-release-linux-x86_64, r-release-windows-x86_64

mirror server hosted at Truenetwork, Russian Federation.