Last updated on 2025-02-22 11:51:28 CET.
Flavor | Version | Tinstall | Tcheck | Ttotal | Status | Flags |
---|---|---|---|---|---|---|
r-devel-linux-x86_64-debian-clang | 0.1.5 | 5.67 | 44.07 | 49.74 | OK | |
r-devel-linux-x86_64-debian-gcc | 0.1.5 | 4.29 | 31.46 | 35.75 | OK | |
r-devel-linux-x86_64-fedora-clang | 0.1.5 | 79.56 | OK | |||
r-devel-linux-x86_64-fedora-gcc | 0.1.5 | 75.01 | OK | |||
r-devel-macos-arm64 | 0.1.5 | 31.00 | OK | |||
r-devel-macos-x86_64 | 0.1.5 | 65.00 | OK | |||
r-devel-windows-x86_64 | 0.1.5 | 7.00 | 60.00 | 67.00 | OK | |
r-patched-linux-x86_64 | 0.1.5 | 5.55 | 40.54 | 46.09 | NOTE | |
r-release-linux-x86_64 | 0.1.5 | 4.82 | 39.98 | 44.80 | NOTE | |
r-release-macos-arm64 | 0.1.5 | 30.00 | NOTE | |||
r-release-macos-x86_64 | 0.1.5 | 47.00 | NOTE | |||
r-release-windows-x86_64 | 0.1.5 | 8.00 | 58.00 | 66.00 | NOTE | |
r-oldrel-macos-arm64 | 0.1.5 | 31.00 | NOTE | |||
r-oldrel-macos-x86_64 | 0.1.5 | 51.00 | NOTE | |||
r-oldrel-windows-x86_64 | 0.1.5 | 10.00 | 68.00 | 78.00 | NOTE |
Version: 0.1.5
Check: LazyData
Result: NOTE
'LazyData' is specified without a 'data' directory
Flavors: r-patched-linux-x86_64, r-release-linux-x86_64, r-release-macos-arm64, r-release-macos-x86_64, r-release-windows-x86_64, r-oldrel-macos-arm64, r-oldrel-macos-x86_64, r-oldrel-windows-x86_64