CRAN Package Check Results for Package ggcorrplot

Last updated on 2025-11-24 05:50:24 CET.

Flavor Version Tinstall Tcheck Ttotal Status Flags
r-devel-linux-x86_64-debian-clang 0.1.4.1 5.01 59.02 64.03 NOTE
r-devel-linux-x86_64-debian-gcc 0.1.4.1 3.85 43.23 47.08 NOTE
r-devel-linux-x86_64-fedora-clang 0.1.4.1 22.00 78.57 100.57 OK
r-devel-linux-x86_64-fedora-gcc 0.1.4.1 11.00 79.00 90.00 OK
r-devel-windows-x86_64 0.1.4.1 9.00 65.00 74.00 OK
r-patched-linux-x86_64 0.1.4.1 4.84 54.83 59.67 OK
r-release-linux-x86_64 0.1.4.1 4.87 54.11 58.98 OK
r-release-macos-arm64 0.1.4.1 OK
r-release-macos-x86_64 0.1.4.1 5.00 40.00 45.00 OK
r-release-windows-x86_64 0.1.4.1 7.00 66.00 73.00 OK
r-oldrel-macos-arm64 0.1.4.1 OK
r-oldrel-macos-x86_64 0.1.4.1 3.00 32.00 35.00 OK
r-oldrel-windows-x86_64 0.1.4.1 9.00 80.00 89.00 OK

Check Details

Version: 0.1.4.1
Check: DESCRIPTION meta-information
Result: NOTE Author field differs from that derived from Authors@R Author: ‘Alboukadel Kassambara [aut, cre], Indrajeet Patil [ctb] (<https://orcid.org/0000-0003-1995-6531>, @patilindrajeets)’ Authors@R: ‘Alboukadel Kassambara [aut, cre], Indrajeet Patil [ctb] (ORCID: <https://orcid.org/0000-0003-1995-6531>, Twitter: @patilindrajeets)’ Flavors: r-devel-linux-x86_64-debian-clang, r-devel-linux-x86_64-debian-gcc

mirror server hosted at Truenetwork, Russian Federation.