Last updated on 2024-06-26 18:58:41 CEST.
Flavor | Version | Tinstall | Tcheck | Ttotal | Status | Flags |
---|---|---|---|---|---|---|
r-devel-linux-x86_64-debian-clang | 0.4.1 | NOTE | ||||
r-devel-linux-x86_64-debian-gcc | 0.4.1 | 3.97 | 36.19 | 40.16 | NOTE | |
r-devel-linux-x86_64-fedora-clang | 0.4.1 | 67.28 | NOTE | |||
r-devel-linux-x86_64-fedora-gcc | 0.4.1 | 73.26 | NOTE | |||
r-devel-windows-x86_64 | 0.4.1 | 5.00 | 54.00 | 59.00 | NOTE | |
r-patched-linux-x86_64 | 0.4.1 | 10.28 | 45.35 | 55.63 | NOTE | |
r-release-linux-x86_64 | 0.4.1 | 3.26 | 44.75 | 48.01 | NOTE | |
r-release-macos-arm64 | 0.4.1 | 31.00 | NOTE | |||
r-release-macos-x86_64 | 0.4.1 | 44.00 | NOTE | |||
r-release-windows-x86_64 | 0.4.1 | 6.00 | 54.00 | 60.00 | NOTE | |
r-oldrel-macos-arm64 | 0.4.1 | 28.00 | NOTE | |||
r-oldrel-macos-x86_64 | 0.4.1 | 44.00 | NOTE | |||
r-oldrel-windows-x86_64 | 0.4.1 | 8.00 | 61.00 | 69.00 | NOTE |
Version: 0.4.1
Check: LazyData
Result: NOTE
'LazyData' is specified without a 'data' directory
Flavors: r-devel-linux-x86_64-debian-clang, r-devel-linux-x86_64-debian-gcc, r-devel-linux-x86_64-fedora-clang, r-devel-linux-x86_64-fedora-gcc, r-devel-windows-x86_64, r-patched-linux-x86_64, r-release-linux-x86_64, r-release-macos-arm64, r-release-macos-x86_64, r-release-windows-x86_64, r-oldrel-macos-arm64, r-oldrel-macos-x86_64, r-oldrel-windows-x86_64