Last updated on 2024-06-26 18:58:41 CEST.
Flavor | Version | Tinstall | Tcheck | Ttotal | Status | Flags |
---|---|---|---|---|---|---|
r-devel-linux-x86_64-debian-clang | 0.5.13 | OK | ||||
r-devel-linux-x86_64-debian-gcc | 0.5.13 | 4.91 | 78.42 | 83.33 | OK | |
r-devel-linux-x86_64-fedora-clang | 0.5.13 | 141.41 | NOTE | |||
r-devel-linux-x86_64-fedora-gcc | 0.5.13 | 150.08 | NOTE | |||
r-devel-windows-x86_64 | 0.5.13 | 7.00 | 83.00 | 90.00 | OK | |
r-patched-linux-x86_64 | 0.5.13 | 10.98 | 99.82 | 110.80 | OK | |
r-release-linux-x86_64 | 0.5.13 | 5.47 | 97.83 | 103.30 | OK | |
r-release-macos-arm64 | 0.5.13 | 40.00 | OK | |||
r-release-macos-x86_64 | 0.5.13 | 78.00 | OK | |||
r-release-windows-x86_64 | 0.5.13 | 7.00 | 84.00 | 91.00 | OK | |
r-oldrel-macos-arm64 | 0.5.13 | 43.00 | OK | |||
r-oldrel-macos-x86_64 | 0.5.13 | 71.00 | OK | |||
r-oldrel-windows-x86_64 | 0.5.13 | 8.00 | 96.00 | 104.00 | OK |
Version: 0.5.13
Check: dependencies in R code
Result: NOTE
Namespaces in Imports field not imported from:
‘sna’ ‘utils’
All declared Imports should be used.
Flavors: r-devel-linux-x86_64-fedora-clang, r-devel-linux-x86_64-fedora-gcc