Last updated on 2025-07-13 00:48:26 CEST.
Flavor | Version | Tinstall | Tcheck | Ttotal | Status | Flags |
---|---|---|---|---|---|---|
r-devel-linux-x86_64-debian-clang | 1.0.0 | 11.61 | 217.60 | 229.21 | NOTE | |
r-devel-linux-x86_64-debian-gcc | 1.0.0.1 | 8.30 | 141.97 | 150.27 | OK | |
r-devel-linux-x86_64-fedora-clang | 1.0.0.1 | 372.66 | NOTE | |||
r-devel-linux-x86_64-fedora-gcc | 1.0.0.1 | 384.62 | NOTE | |||
r-devel-windows-x86_64 | 1.0.0 | 12.00 | 183.00 | 195.00 | NOTE | |
r-patched-linux-x86_64 | 1.0.0 | 11.03 | 206.07 | 217.10 | NOTE | |
r-release-linux-x86_64 | 1.0.0.1 | 11.12 | 203.69 | 214.81 | OK | |
r-release-macos-arm64 | 1.0.0 | 98.00 | OK | |||
r-release-macos-x86_64 | 1.0.0.1 | 191.00 | OK | |||
r-release-windows-x86_64 | 1.0.0.1 | 12.00 | 198.00 | 210.00 | OK | |
r-oldrel-macos-arm64 | 1.0.0 | 84.00 | NOTE | |||
r-oldrel-macos-x86_64 | 1.0.0 | 139.00 | NOTE | |||
r-oldrel-windows-x86_64 | 1.0.0 | 16.00 | 251.00 | 267.00 | NOTE |
Version: 1.0.0
Check: Rd cross-references
Result: NOTE
Found the following Rd file(s) with Rd \link{} targets missing package
anchors:
geom_edge.Rd: layer, geom_segment
geom_edge_label.Rd: geom_label
geom_node_label.Rd: ggplot, fortify, borders
geom_node_plot.Rd: facet_wrap
ggparty.Rd: ggplot
Please provide package anchors for all Rd \link{} targets not in the
package itself and the base packages.
Flavors: r-devel-linux-x86_64-debian-clang, r-devel-windows-x86_64, r-patched-linux-x86_64
Version: 1.0.0.1
Check: dependencies in R code
Result: NOTE
Namespace in Imports field not imported from: ‘survival’
All declared Imports should be used.
Flavors: r-devel-linux-x86_64-fedora-clang, r-devel-linux-x86_64-fedora-gcc
Version: 1.0.0
Check: LazyData
Result: NOTE
'LazyData' is specified without a 'data' directory
Flavors: r-oldrel-macos-arm64, r-oldrel-macos-x86_64, r-oldrel-windows-x86_64