Last updated on 2025-02-22 05:51:36 CET.
Flavor | Version | Tinstall | Tcheck | Ttotal | Status | Flags |
---|---|---|---|---|---|---|
r-devel-linux-x86_64-debian-clang | 1.6.3 | 16.57 | 70.48 | 87.05 | OK | |
r-devel-linux-x86_64-debian-gcc | 1.6.3 | 13.98 | 50.17 | 64.15 | OK | |
r-devel-linux-x86_64-fedora-clang | 1.6.3 | 134.79 | NOTE | |||
r-devel-linux-x86_64-fedora-gcc | 1.6.3 | 130.01 | NOTE | |||
r-devel-macos-arm64 | 1.6.3 | 47.00 | OK | |||
r-devel-macos-x86_64 | 1.6.3 | 85.00 | OK | |||
r-devel-windows-x86_64 | 1.6.3 | 17.00 | 84.00 | 101.00 | OK | |
r-patched-linux-x86_64 | 1.6.3 | 16.50 | 65.43 | 81.93 | OK | |
r-release-linux-x86_64 | 1.6.3 | 17.17 | 65.09 | 82.26 | OK | |
r-release-macos-arm64 | 1.6.3 | 48.00 | OK | |||
r-release-macos-x86_64 | 1.6.3 | 71.00 | OK | |||
r-release-windows-x86_64 | 1.6.3 | 18.00 | 85.00 | 103.00 | OK | |
r-oldrel-macos-arm64 | 1.6.3 | 48.00 | OK | |||
r-oldrel-macos-x86_64 | 1.6.3 | 71.00 | OK | |||
r-oldrel-windows-x86_64 | 1.6.3 | 23.00 | 98.00 | 121.00 | OK |
Version: 1.6.3
Check: dependencies in R code
Result: NOTE
Namespaces in Imports field not imported from:
‘magrittr’ ‘utils’
All declared Imports should be used.
Flavors: r-devel-linux-x86_64-fedora-clang, r-devel-linux-x86_64-fedora-gcc