Last updated on 2024-06-27 00:56:04 CEST.
Flavor | Version | Tinstall | Tcheck | Ttotal | Status | Flags |
---|---|---|---|---|---|---|
r-devel-linux-x86_64-debian-clang | 1.0.4 | OK | ||||
r-devel-linux-x86_64-debian-gcc | 1.0.4 | 4.82 | 42.06 | 46.88 | OK | |
r-devel-linux-x86_64-fedora-clang | 1.0.4 | 80.02 | NOTE | |||
r-devel-linux-x86_64-fedora-gcc | 1.0.4 | 86.13 | OK | |||
r-devel-windows-x86_64 | 1.0.4 | 6.00 | 62.00 | 68.00 | OK | |
r-patched-linux-x86_64 | 1.0.4 | 4.93 | 55.01 | 59.94 | OK | |
r-release-linux-x86_64 | 1.0.4 | 6.15 | 54.67 | 60.82 | OK | |
r-release-macos-arm64 | 1.0.4 | 32.00 | OK | |||
r-release-macos-x86_64 | 1.0.4 | 67.00 | OK | |||
r-release-windows-x86_64 | 1.0.4 | 7.00 | 63.00 | 70.00 | OK | |
r-oldrel-macos-arm64 | 1.0.4 | 33.00 | OK | |||
r-oldrel-macos-x86_64 | 1.0.4 | 49.00 | OK | |||
r-oldrel-windows-x86_64 | 1.0.4 | 8.00 | 68.00 | 76.00 | OK |
Version: 1.0.4
Check: Rd cross-references
Result: NOTE
Undeclared package ‘rlang’ in Rd xrefs
Flavor: r-devel-linux-x86_64-fedora-clang