CRAN Package Check Results for Package ggtext

Last updated on 2025-07-12 18:49:41 CEST.

Flavor Version Tinstall Tcheck Ttotal Status Flags
r-devel-linux-x86_64-debian-clang 0.1.2 5.82 80.14 85.96 NOTE
r-devel-linux-x86_64-debian-gcc 0.1.2 4.02 60.18 64.20 NOTE
r-devel-linux-x86_64-fedora-clang 0.1.2 126.07 OK
r-devel-linux-x86_64-fedora-gcc 0.1.2 129.82 OK
r-devel-windows-x86_64 0.1.2 8.00 103.00 111.00 OK
r-patched-linux-x86_64 0.1.2 5.66 73.12 78.78 OK
r-release-linux-x86_64 0.1.2 5.33 74.15 79.48 OK
r-release-macos-arm64 0.1.2 56.00 OK
r-release-macos-x86_64 0.1.2 80.00 OK
r-release-windows-x86_64 0.1.2 7.00 85.00 92.00 OK
r-oldrel-macos-arm64 0.1.2 41.00 OK
r-oldrel-macos-x86_64 0.1.2 69.00 OK
r-oldrel-windows-x86_64 0.1.2 11.00 104.00 115.00 OK

Check Details

Version: 0.1.2
Check: DESCRIPTION meta-information
Result: NOTE Author field differs from that derived from Authors@R Author: ‘Claus O. Wilke [aut] (<https://orcid.org/0000-0002-7470-9261>), Brenton M. Wiernik [aut, cre] (<https://orcid.org/0000-0001-9560-6336>, @bmwiernik)’ Authors@R: ‘Claus O. Wilke [aut] (ORCID: <https://orcid.org/0000-0002-7470-9261>), Brenton M. Wiernik [aut, cre] (ORCID: <https://orcid.org/0000-0001-9560-6336>, Twitter: @bmwiernik)’ Flavors: r-devel-linux-x86_64-debian-clang, r-devel-linux-x86_64-debian-gcc

mirror server hosted at Truenetwork, Russian Federation.