CRAN Package Check Results for Package gif

Last updated on 2025-11-24 11:50:08 CET.

Flavor Version Tinstall Tcheck Ttotal Status Flags
r-devel-linux-x86_64-debian-clang 0.1.1 26.86 64.53 91.39 NOTE
r-devel-linux-x86_64-debian-gcc 0.1.1 19.29 50.80 70.09 NOTE
r-devel-linux-x86_64-fedora-clang 0.1.1 65.00 74.83 139.83 OK
r-devel-linux-x86_64-fedora-gcc 0.1.1 47.00 103.98 150.98 OK
r-devel-windows-x86_64 0.1.1 33.00 88.00 121.00 OK
r-patched-linux-x86_64 0.1.1 26.34 62.20 88.54 OK
r-release-linux-x86_64 0.1.1 22.70 61.82 84.52 OK
r-release-macos-arm64 0.1.1 OK
r-release-macos-x86_64 0.1.1 18.00 67.00 85.00 OK
r-release-windows-x86_64 0.1.1 31.00 91.00 122.00 OK
r-oldrel-macos-arm64 0.1.1 NOTE
r-oldrel-macos-x86_64 0.1.1 15.00 54.00 69.00 NOTE
r-oldrel-windows-x86_64 0.1.1 36.00 109.00 145.00 OK

Check Details

Version: 0.1.1
Check: CRAN incoming feasibility
Result: NOTE Maintainer: ‘Shiyun Lin <linshy27@mail2.sysu.edu.cn>’ The Description field contains <arXiv:1407.7819>. Secondly, a closed form solution for graphical lasso Please refer to arXiv e-prints via their arXiv DOI <doi:10.48550/arXiv.YYMM.NNNNN>. Flavors: r-devel-linux-x86_64-debian-clang, r-devel-linux-x86_64-debian-gcc

Version: 0.1.1
Check: installed package size
Result: NOTE installed size is 6.2Mb sub-directories of 1Mb or more: doc 1.1Mb libs 4.9Mb Flavors: r-oldrel-macos-arm64, r-oldrel-macos-x86_64

mirror server hosted at Truenetwork, Russian Federation.