Last updated on 2024-06-30 00:59:15 CEST.
Flavor | Version | Tinstall | Tcheck | Ttotal | Status | Flags |
---|---|---|---|---|---|---|
r-devel-linux-x86_64-debian-clang | 3.0.1 | 103.60 | 37.01 | 140.61 | NOTE | |
r-devel-linux-x86_64-debian-gcc | 3.0.1 | 234.14 | 27.80 | 261.94 | NOTE | |
r-devel-linux-x86_64-fedora-clang | 3.0.1 | 182.40 | NOTE | |||
r-devel-linux-x86_64-fedora-gcc | 3.0.1 | 444.13 | NOTE | |||
r-devel-windows-x86_64 | 3.0.1 | 337.00 | 70.00 | 407.00 | NOTE | |
r-patched-linux-x86_64 | 3.0.1 | 236.25 | 34.94 | 271.19 | NOTE | |
r-release-linux-x86_64 | 3.0.1 | 231.33 | 35.35 | 266.68 | NOTE | |
r-release-macos-arm64 | 3.0.1 | 52.00 | NOTE | |||
r-release-macos-x86_64 | 3.0.1 | 104.00 | NOTE | |||
r-release-windows-x86_64 | 3.0.1 | 327.00 | 68.00 | 395.00 | NOTE | |
r-oldrel-macos-arm64 | 3.0.1 | 62.00 | NOTE | |||
r-oldrel-macos-x86_64 | 3.0.1 | 123.00 | NOTE | |||
r-oldrel-windows-x86_64 | 3.0.1 | 330.00 | 81.00 | 411.00 | NOTE |
Version: 3.0.1
Check: C++ specification
Result: NOTE
Specified C++11: please drop specification unless essential
Flavors: r-devel-linux-x86_64-debian-clang, r-devel-linux-x86_64-debian-gcc, r-devel-linux-x86_64-fedora-clang, r-devel-linux-x86_64-fedora-gcc, r-devel-windows-x86_64, r-patched-linux-x86_64, r-release-linux-x86_64, r-release-macos-arm64, r-release-macos-x86_64, r-release-windows-x86_64, r-oldrel-macos-arm64, r-oldrel-macos-x86_64, r-oldrel-windows-x86_64
Version: 3.0.1
Check: installed package size
Result: NOTE
installed size is 9.9Mb
sub-directories of 1Mb or more:
libs 9.8Mb
Flavors: r-release-macos-arm64, r-release-macos-x86_64, r-oldrel-macos-arm64, r-oldrel-macos-x86_64