Last updated on 2025-11-24 11:50:08 CET.
| Flavor | Version | Tinstall | Tcheck | Ttotal | Status | Flags |
|---|---|---|---|---|---|---|
| r-devel-linux-x86_64-debian-clang | 1.0.1 | 2.62 | 18.40 | 21.02 | NOTE | |
| r-devel-linux-x86_64-debian-gcc | 1.0.1 | 2.05 | 15.28 | 17.33 | NOTE | |
| r-devel-linux-x86_64-fedora-clang | 1.0.1 | 29.07 | OK | |||
| r-devel-linux-x86_64-fedora-gcc | 1.0.1 | 28.19 | OK | |||
| r-devel-windows-x86_64 | 1.0.1 | 7.00 | 46.00 | 53.00 | OK | |
| r-patched-linux-x86_64 | 1.0.1 | 2.17 | 17.28 | 19.45 | OK | |
| r-release-linux-x86_64 | 1.0.1 | 2.04 | 17.35 | 19.39 | OK | |
| r-release-macos-arm64 | 1.0.1 | OK | ||||
| r-release-macos-x86_64 | 1.0.1 | 4.00 | 24.00 | 28.00 | OK | |
| r-release-windows-x86_64 | 1.0.1 | 7.00 | 46.00 | 53.00 | OK | |
| r-oldrel-macos-arm64 | 1.0.1 | OK | ||||
| r-oldrel-macos-x86_64 | 1.0.1 | 3.00 | 22.00 | 25.00 | OK | |
| r-oldrel-windows-x86_64 | 1.0.1 | 5.00 | 45.00 | 50.00 | OK |
Version: 1.0.1
Check: CRAN incoming feasibility
Result: NOTE
Maintainer: ‘Julien Clavel <julien.clavel@hotmail.fr>’
No Authors@R field in DESCRIPTION.
Please add one, modifying
Authors@R: c(person(given = c("Matyas", "A"),
family = "Sustik",
role = c("aut", "cph")),
person(given = "Ben",
family = "Calderhead",
role = c("aut", "cph")),
person(given = "Julien",
family = "Clavel",
role = c("com", "ctb", "cre"),
email = "julien.clavel@hotmail.fr"))
as necessary.
Flavors: r-devel-linux-x86_64-debian-clang, r-devel-linux-x86_64-debian-gcc