Last updated on 2025-05-25 00:50:03 CEST.
Flavor | Version | Tinstall | Tcheck | Ttotal | Status | Flags |
---|---|---|---|---|---|---|
r-devel-linux-x86_64-debian-clang | 0.1.0 | 4.80 | 37.81 | 42.61 | OK | |
r-devel-linux-x86_64-debian-gcc | 0.1.0 | 3.99 | 27.80 | 31.79 | OK | |
r-devel-linux-x86_64-fedora-clang | 0.1.0 | 69.04 | OK | |||
r-devel-linux-x86_64-fedora-gcc | 0.1.0 | 64.84 | OK | |||
r-devel-windows-x86_64 | 0.1.0 | 6.00 | 89.00 | 95.00 | OK | |
r-patched-linux-x86_64 | 0.1.0 | 5.21 | 35.89 | 41.10 | OK | |
r-release-linux-x86_64 | 0.1.0 | 5.08 | 36.43 | 41.51 | OK | |
r-release-macos-arm64 | 0.1.0 | 39.00 | OK | |||
r-release-macos-x86_64 | 0.1.0 | 39.00 | OK | |||
r-release-windows-x86_64 | 0.1.0 | 7.00 | 54.00 | 61.00 | OK | |
r-oldrel-macos-arm64 | 0.1.0 | 24.00 | NOTE | |||
r-oldrel-macos-x86_64 | 0.1.0 | 33.00 | NOTE | |||
r-oldrel-windows-x86_64 | 0.1.0 | 8.00 | 61.00 | 69.00 | NOTE |
Version: 0.1.0
Check: LazyData
Result: NOTE
'LazyData' is specified without a 'data' directory
Flavors: r-oldrel-macos-arm64, r-oldrel-macos-x86_64, r-oldrel-windows-x86_64