CRAN Package Check Results for Package glmmEP

Last updated on 2025-11-02 23:49:39 CET.

Flavor Version Tinstall Tcheck Ttotal Status Flags
r-devel-linux-x86_64-debian-clang 1.0-3.1 11.93 72.65 84.58 NOTE
r-devel-linux-x86_64-debian-gcc 1.0-3.1 8.22 53.69 61.91 NOTE
r-devel-linux-x86_64-fedora-clang 1.0-3.1 24.00 102.00 126.00 NOTE
r-devel-linux-x86_64-fedora-gcc 1.0-3.1 26.00 102.35 128.35 NOTE
r-devel-windows-x86_64 1.0-3.1 16.00 89.00 105.00 NOTE
r-patched-linux-x86_64 1.0-3.1 9.36 69.62 78.98 NOTE
r-release-linux-x86_64 1.0-3.1 10.16 68.83 78.99 NOTE
r-release-macos-arm64 1.0-3.1 9.00 48.00 57.00 NOTE
r-release-macos-x86_64 1.0-3.1 12.00 85.00 97.00 NOTE
r-release-windows-x86_64 1.0-3.1 15.00 88.00 103.00 NOTE
r-oldrel-macos-arm64 1.0-3.1 6.00 39.00 45.00 NOTE
r-oldrel-macos-x86_64 1.0-3.1 10.00 78.00 88.00 NOTE
r-oldrel-windows-x86_64 1.0-3.1 21.00 107.00 128.00 NOTE

Check Details

Version: 1.0-3.1
Check: CRAN incoming feasibility
Result: NOTE Maintainer: ‘Matt P. Wand <matt.wand@uts.edu.au>’ The Description field contains Johnstone, Ormerod, Wand and Yu (2018) <arXiv:1805.08423v1>. Please refer to arXiv e-prints via their arXiv DOI <doi:10.48550/arXiv.YYMM.NNNNN>. Flavors: r-devel-linux-x86_64-debian-clang, r-devel-linux-x86_64-debian-gcc

Version: 1.0-3.1
Check: Rd files
Result: NOTE checkRd: (-1) glmmSimData.Rd:4: Lost braces; missing escapes or markup? 4 | \description{Section 4.1.2 of the refence below descries a simulation study with data generated from a probit mixed model with six fixed effects parameters and a bivariate random effects vector having a 2 by 2 symmetric positive definite covariance matrix. The function simulates a data set from this model with 2500 groups and the number of observation in each group being a random draw from {20,21,...,30}.} | ^ Flavors: r-devel-linux-x86_64-debian-clang, r-devel-linux-x86_64-debian-gcc, r-devel-linux-x86_64-fedora-clang, r-devel-linux-x86_64-fedora-gcc, r-devel-windows-x86_64, r-patched-linux-x86_64, r-release-linux-x86_64, r-release-macos-arm64, r-release-macos-x86_64, r-release-windows-x86_64, r-oldrel-macos-arm64, r-oldrel-macos-x86_64, r-oldrel-windows-x86_64

mirror server hosted at Truenetwork, Russian Federation.