Last updated on 2025-07-12 12:48:29 CEST.
Flavor | Version | Tinstall | Tcheck | Ttotal | Status | Flags |
---|---|---|---|---|---|---|
r-devel-linux-x86_64-debian-clang | 1.1.11 | 232.55 | 358.89 | 591.44 | OK | |
r-devel-linux-x86_64-debian-gcc | 1.1.11 | 185.03 | 281.30 | 466.33 | OK | |
r-devel-linux-x86_64-fedora-clang | 1.1.11 | 1190.78 | OK | |||
r-devel-linux-x86_64-fedora-gcc | 1.1.11 | 1122.59 | OK | |||
r-devel-windows-x86_64 | 1.1.11 | 222.00 | 330.00 | 552.00 | OK | --no-vignettes |
r-patched-linux-x86_64 | 1.1.11 | 261.15 | 351.54 | 612.69 | OK | |
r-release-linux-x86_64 | 1.1.11 | 258.03 | 348.91 | 606.94 | OK | |
r-release-macos-arm64 | 1.1.11 | 255.00 | OK | |||
r-release-macos-x86_64 | 1.1.11 | 562.00 | OK | |||
r-release-windows-x86_64 | 1.1.11 | 230.00 | 326.00 | 556.00 | OK | --no-vignettes |
r-oldrel-macos-arm64 | 1.1.11 | 262.00 | NOTE | |||
r-oldrel-macos-x86_64 | 1.1.11 | 531.00 | NOTE | |||
r-oldrel-windows-x86_64 | 1.1.11 | 279.00 | 373.00 | 652.00 | NOTE | --no-vignettes |
Version: 1.1.11
Check: installed package size
Result: NOTE
installed size is 97.2Mb
sub-directories of 1Mb or more:
doc 1.7Mb
libs 91.3Mb
test_data 2.7Mb
Flavors: r-oldrel-macos-arm64, r-oldrel-macos-x86_64
Version: 1.1.11
Flags: --no-vignettes
Check: installed package size
Result: NOTE
installed size is 10.2Mb
sub-directories of 1Mb or more:
doc 1.7Mb
libs 4.4Mb
test_data 2.7Mb
Flavor: r-oldrel-windows-x86_64