CRAN Package Check Results for Package glmpath

Last updated on 2025-11-24 11:50:08 CET.

Flavor Version Tinstall Tcheck Ttotal Status Flags
r-devel-linux-x86_64-debian-clang 0.98 11.12 68.89 80.01 NOTE
r-devel-linux-x86_64-debian-gcc 0.98 8.04 48.89 56.93 NOTE
r-devel-linux-x86_64-fedora-clang 0.98 24.00 94.80 118.80 OK
r-devel-linux-x86_64-fedora-gcc 0.98 22.00 93.41 115.41 OK
r-devel-windows-x86_64 0.98 17.00 79.00 96.00 OK
r-patched-linux-x86_64 0.98 11.24 64.30 75.54 OK
r-release-linux-x86_64 0.98 10.73 64.34 75.07 OK
r-release-macos-arm64 0.98 OK
r-release-macos-x86_64 0.98 16.00 55.00 71.00 OK
r-release-windows-x86_64 0.98 16.00 90.00 106.00 OK
r-oldrel-macos-arm64 0.98 OK
r-oldrel-macos-x86_64 0.98 10.00 47.00 57.00 OK
r-oldrel-windows-x86_64 0.98 19.00 95.00 114.00 OK

Check Details

Version: 0.98
Check: CRAN incoming feasibility
Result: NOTE Maintainer: ‘Mee Young Park <meeyoung@google.com>’ No Authors@R field in DESCRIPTION. Please add one, modifying Authors@R: c(person(given = c("Mee", "Young"), family = "Park", role = c("aut", "cre"), email = "meeyoung@google.com"), person(given = "Trevor", family = "Hastie", role = "aut")) as necessary. Flavors: r-devel-linux-x86_64-debian-clang, r-devel-linux-x86_64-debian-gcc

mirror server hosted at Truenetwork, Russian Federation.