Last updated on 2025-11-02 23:49:39 CET.
| Flavor | Version | Tinstall | Tcheck | Ttotal | Status | Flags |
|---|---|---|---|---|---|---|
| r-devel-linux-x86_64-debian-clang | 0.4.5 | 59.85 | 112.43 | 172.28 | OK | |
| r-devel-linux-x86_64-debian-gcc | 0.4.5 | 43.03 | 79.54 | 122.57 | OK | |
| r-devel-linux-x86_64-fedora-clang | 0.4.5 | 212.00 | 95.56 | 307.56 | OK | |
| r-devel-linux-x86_64-fedora-gcc | 0.4.5 | 132.00 | 140.96 | 272.96 | OK | |
| r-devel-windows-x86_64 | 0.4.5 | 73.00 | 139.00 | 212.00 | OK | |
| r-patched-linux-x86_64 | 0.4.5 | 61.90 | 104.16 | 166.06 | OK | |
| r-release-linux-x86_64 | 0.4.5 | 62.10 | 105.27 | 167.37 | OK | |
| r-release-macos-arm64 | 0.4.5 | 28.00 | 53.00 | 81.00 | OK | |
| r-release-macos-x86_64 | 0.4.5 | 39.00 | 106.00 | 145.00 | OK | |
| r-release-windows-x86_64 | 0.4.5 | 73.00 | 140.00 | 213.00 | OK | |
| r-oldrel-macos-arm64 | 0.4.5 | 25.00 | 49.00 | 74.00 | NOTE | |
| r-oldrel-macos-x86_64 | 0.4.5 | 38.00 | 93.00 | 131.00 | NOTE | |
| r-oldrel-windows-x86_64 | 0.4.5 | 90.00 | 179.00 | 269.00 | OK |
Version: 0.4.5
Check: installed package size
Result: NOTE
installed size is 7.4Mb
sub-directories of 1Mb or more:
libs 6.9Mb
Flavors: r-oldrel-macos-arm64, r-oldrel-macos-x86_64