CRAN Package Check Results for Package gnn

Last updated on 2025-05-28 06:51:27 CEST.

Flavor Version Tinstall Tcheck Ttotal Status Flags
r-devel-linux-x86_64-debian-clang 0.0-4 9.02 80.06 89.08 NOTE
r-devel-linux-x86_64-debian-gcc 0.0-4 7.23 57.34 64.57 NOTE
r-devel-linux-x86_64-fedora-clang 0.0-4 141.41 OK
r-devel-linux-x86_64-fedora-gcc 0.0-4 142.29 OK
r-devel-windows-x86_64 0.0-4 13.00 91.00 104.00 NOTE
r-patched-linux-x86_64 0.0-4 10.51 76.05 86.56 NOTE
r-release-linux-x86_64 0.0-4 8.79 76.16 84.95 NOTE
r-release-macos-arm64 0.0-4 45.00 OK
r-release-macos-x86_64 0.0-4 80.00 OK
r-release-windows-x86_64 0.0-4 12.00 94.00 106.00 NOTE
r-oldrel-macos-arm64 0.0-4 41.00 OK
r-oldrel-macos-x86_64 0.0-4 68.00 OK
r-oldrel-windows-x86_64 0.0-4 15.00 115.00 130.00 OK

Check Details

Version: 0.0-4
Check: Rd cross-references
Result: NOTE Found the following Rd file(s) with Rd \link{} targets missing package anchors: FNN.Rd: layer_dropout rPrior.Rd: rCopula Please provide package anchors for all Rd \link{} targets not in the package itself and the base packages. Flavors: r-devel-linux-x86_64-debian-clang, r-devel-linux-x86_64-debian-gcc, r-devel-windows-x86_64, r-patched-linux-x86_64, r-release-linux-x86_64, r-release-windows-x86_64

mirror server hosted at Truenetwork, Russian Federation.