CRAN Package Check Results for Package gnorm

Last updated on 2025-02-22 05:51:37 CET.

Flavor Version Tinstall Tcheck Ttotal Status Flags
r-devel-linux-x86_64-debian-clang 1.0.0 1.51 21.33 22.84 OK
r-devel-linux-x86_64-debian-gcc 1.0.0 1.25 17.79 19.04 OK
r-devel-linux-x86_64-fedora-clang 1.0.0 37.56 OK
r-devel-linux-x86_64-fedora-gcc 1.0.0 50.20 OK
r-devel-macos-arm64 1.0.0 22.00 OK
r-devel-macos-x86_64 1.0.0 38.00 OK
r-devel-windows-x86_64 1.0.0 3.00 52.00 55.00 OK
r-patched-linux-x86_64 1.0.0 1.65 21.30 22.95 NOTE
r-release-linux-x86_64 1.0.0 1.40 20.46 21.86 NOTE
r-release-macos-arm64 1.0.0 22.00 NOTE
r-release-macos-x86_64 1.0.0 32.00 NOTE
r-release-windows-x86_64 1.0.0 2.00 44.00 46.00 NOTE
r-oldrel-macos-arm64 1.0.0 22.00 NOTE
r-oldrel-macos-x86_64 1.0.0 33.00 NOTE
r-oldrel-windows-x86_64 1.0.0 3.00 42.00 45.00 NOTE

Check Details

Version: 1.0.0
Check: LazyData
Result: NOTE 'LazyData' is specified without a 'data' directory Flavors: r-patched-linux-x86_64, r-release-linux-x86_64, r-release-macos-arm64, r-release-macos-x86_64, r-release-windows-x86_64, r-oldrel-macos-arm64, r-oldrel-macos-x86_64, r-oldrel-windows-x86_64

mirror server hosted at Truenetwork, Russian Federation.