CRAN Package Check Results for Package gnumeric

Last updated on 2025-11-03 05:50:43 CET.

Flavor Version Tinstall Tcheck Ttotal Status Flags
r-devel-linux-x86_64-debian-clang 0.7-10 2.46 29.49 31.95 NOTE
r-devel-linux-x86_64-debian-gcc 0.7-10 1.90 23.28 25.18 NOTE
r-devel-linux-x86_64-fedora-clang 0.7-10 11.00 40.14 51.14 OK
r-devel-linux-x86_64-fedora-gcc 0.7-10 59.69 OK
r-devel-windows-x86_64 0.7-10 4.00 46.00 50.00 OK
r-patched-linux-x86_64 0.7-10 2.61 28.43 31.04 OK
r-release-linux-x86_64 0.7-10 2.24 28.11 30.35 OK
r-release-macos-arm64 0.7-10 1.00 24.00 25.00 OK
r-release-macos-x86_64 0.7-10 2.00 41.00 43.00 OK
r-release-windows-x86_64 0.7-10 4.00 46.00 50.00 OK
r-oldrel-macos-arm64 0.7-10 1.00 22.00 23.00 OK
r-oldrel-macos-x86_64 0.7-10 2.00 33.00 35.00 OK
r-oldrel-windows-x86_64 0.7-10 4.00 54.00 58.00 OK

Check Details

Version: 0.7-10
Check: CRAN incoming feasibility
Result: NOTE Maintainer: ‘Karoly Antal <antalk2@gmail.com>’ No Authors@R field in DESCRIPTION. Please add one, modifying Authors@R: c(person(given = "Karoly", family = "Antal.", role = "aut", email = "antalk2@gmail.com"), person(given = "Karoly", family = "Antal", role = "cre", email = "antalk2@gmail.com")) as necessary. Flavors: r-devel-linux-x86_64-debian-clang, r-devel-linux-x86_64-debian-gcc

mirror server hosted at Truenetwork, Russian Federation.