CRAN Package Check Results for Package gogarch

Last updated on 2025-05-28 06:51:27 CEST.

Flavor Version Tinstall Tcheck Ttotal Status Flags
r-devel-linux-x86_64-debian-clang 0.7-5 15.92 86.17 102.09 NOTE
r-devel-linux-x86_64-debian-gcc 0.7-5 9.36 60.28 69.64 NOTE
r-devel-linux-x86_64-fedora-clang 0.7-5 157.87 NOTE
r-devel-linux-x86_64-fedora-gcc 0.7-5 139.62 NOTE
r-devel-windows-x86_64 0.7-5 15.00 95.00 110.00 NOTE
r-patched-linux-x86_64 0.7-5 14.47 81.98 96.45 NOTE
r-release-linux-x86_64 0.7-5 15.39 81.64 97.03 NOTE
r-release-macos-arm64 0.7-5 45.00 NOTE
r-release-macos-x86_64 0.7-5 93.00 NOTE
r-release-windows-x86_64 0.7-5 16.00 99.00 115.00 NOTE
r-oldrel-macos-arm64 0.7-5 42.00 NOTE
r-oldrel-macos-x86_64 0.7-5 63.00 NOTE
r-oldrel-windows-x86_64 0.7-5 22.00 113.00 135.00 NOTE

Check Details

Version: 0.7-5
Check: Rd files
Result: NOTE checkRd: (-1) BVDWSTOXX.Rd:14: Escaped LaTeX specials: \& checkRd: (-1) BVDWSTOXX.Rd:15: Escaped LaTeX specials: \& checkRd: (-1) BVDWSTOXX.Rd:16: Escaped LaTeX specials: \& \& checkRd: (-1) BVDWSTOXX.Rd:26: Escaped LaTeX specials: \& checkRd: (-1) BVDWSTOXX.Rd:31: Escaped LaTeX specials: \& checkRd: (-1) BVDWSTOXX.Rd:34: Escaped LaTeX specials: \& checkRd: (-1) BVDWSTOXX.Rd:37: Escaped LaTeX specials: \& Flavors: r-devel-linux-x86_64-debian-clang, r-devel-linux-x86_64-debian-gcc, r-devel-linux-x86_64-fedora-clang, r-devel-linux-x86_64-fedora-gcc, r-devel-windows-x86_64, r-patched-linux-x86_64, r-release-linux-x86_64, r-release-macos-arm64, r-release-macos-x86_64, r-release-windows-x86_64, r-oldrel-macos-arm64, r-oldrel-macos-x86_64, r-oldrel-windows-x86_64

mirror server hosted at Truenetwork, Russian Federation.