CRAN Package Check Results for Package googlePublicData

Last updated on 2025-11-02 17:49:39 CET.

Flavor Version Tinstall Tcheck Ttotal Status Flags
r-devel-linux-x86_64-debian-clang 0.16.1 3.48 35.52 39.00 NOTE
r-devel-linux-x86_64-debian-gcc 0.16.1 2.55 28.48 31.03 NOTE
r-devel-linux-x86_64-fedora-clang 0.16.1 15.00 46.21 61.21 OK
r-devel-linux-x86_64-fedora-gcc 0.16.1 54.67 OK
r-devel-windows-x86_64 0.16.1 5.00 58.00 63.00 OK
r-patched-linux-x86_64 0.16.1 3.64 34.26 37.90 OK
r-release-linux-x86_64 0.16.1 3.16 34.40 37.56 OK
r-release-macos-arm64 0.16.1 2.00 27.00 29.00 OK
r-release-macos-x86_64 0.16.1 3.00 38.00 41.00 OK
r-release-windows-x86_64 0.16.1 4.00 63.00 67.00 OK
r-oldrel-macos-arm64 0.16.1 2.00 21.00 23.00 OK
r-oldrel-macos-x86_64 0.16.1 4.00 33.00 37.00 OK
r-oldrel-windows-x86_64 0.16.1 6.00 65.00 71.00 OK

Check Details

Version: 0.16.1
Check: CRAN incoming feasibility
Result: NOTE Maintainer: ‘George Vega Yon <g.vegayon@gmail.com>’ Found the following (possibly) invalid file URI: URI: publicdata.google.com From: man/dspl.Rd Flavors: r-devel-linux-x86_64-debian-clang, r-devel-linux-x86_64-debian-gcc

mirror server hosted at Truenetwork, Russian Federation.