CRAN Package Check Results for Package googledrive

Last updated on 2025-05-10 06:49:13 CEST.

Flavor Version Tinstall Tcheck Ttotal Status Flags
r-devel-linux-x86_64-debian-clang 2.1.1 7.41 72.46 79.87 NOTE
r-devel-linux-x86_64-debian-gcc 2.1.1 5.05 51.82 56.87 NOTE
r-devel-linux-x86_64-fedora-clang 2.1.1 133.31 OK
r-devel-linux-x86_64-fedora-gcc 2.1.1 138.28 OK
r-devel-windows-x86_64 2.1.1 10.00 99.00 109.00 NOTE
r-patched-linux-x86_64 2.1.1 8.36 65.10 73.46 NOTE
r-release-linux-x86_64 2.1.1 5.70 66.76 72.46 NOTE
r-release-macos-arm64 2.1.1 66.00 OK
r-release-macos-x86_64 2.1.1 103.00 OK
r-release-windows-x86_64 2.1.1 9.00 98.00 107.00 NOTE
r-oldrel-macos-arm64 2.1.1 44.00 OK
r-oldrel-macos-x86_64 2.1.1 72.00 OK
r-oldrel-windows-x86_64 2.1.1 12.00 114.00 126.00 OK

Check Details

Version: 2.1.1
Check: Rd cross-references
Result: NOTE Found the following Rd file(s) with Rd \link{} targets missing package anchors: request_make.Rd: httr Please provide package anchors for all Rd \link{} targets not in the package itself and the base packages. Flavors: r-devel-linux-x86_64-debian-clang, r-devel-linux-x86_64-debian-gcc, r-devel-windows-x86_64, r-patched-linux-x86_64, r-release-linux-x86_64, r-release-windows-x86_64

mirror server hosted at Truenetwork, Russian Federation.