Last updated on 2025-07-13 00:48:27 CEST.
Flavor | Version | Tinstall | Tcheck | Ttotal | Status | Flags |
---|---|---|---|---|---|---|
r-devel-linux-x86_64-debian-clang | 1.2 | 11.22 | 61.22 | 72.44 | NOTE | |
r-devel-linux-x86_64-debian-gcc | 1.2 | 8.20 | 46.44 | 54.64 | NOTE | |
r-devel-linux-x86_64-fedora-clang | 1.2 | 108.70 | OK | |||
r-devel-linux-x86_64-fedora-gcc | 1.2 | 104.51 | OK | |||
r-devel-windows-x86_64 | 1.2 | 14.00 | 76.00 | 90.00 | OK | |
r-patched-linux-x86_64 | 1.2 | 10.81 | 58.65 | 69.46 | OK | |
r-release-linux-x86_64 | 1.2 | 8.92 | 57.91 | 66.83 | OK | |
r-release-macos-arm64 | 1.2 | 41.00 | OK | |||
r-release-macos-x86_64 | 1.2 | 100.00 | OK | |||
r-release-windows-x86_64 | 1.2 | 14.00 | 81.00 | 95.00 | OK | |
r-oldrel-macos-arm64 | 1.2 | 35.00 | OK | |||
r-oldrel-macos-x86_64 | 1.2 | 88.00 | OK | |||
r-oldrel-windows-x86_64 | 1.2 | 18.00 | 89.00 | 107.00 | OK |
Version: 1.2
Check: CRAN incoming feasibility
Result: NOTE
Maintainer: ‘Zheyuan Li <zheyuan.li@bath.edu>’
The Description field contains
difference penalty, proposed by Li and Cao (2022) <arXiv:2201.06808>.
Please refer to arXiv e-prints via their arXiv DOI <doi:10.48550/arXiv.YYMM.NNNNN>.
Flavors: r-devel-linux-x86_64-debian-clang, r-devel-linux-x86_64-debian-gcc