CRAN Package Check Results for Package gptstudio

Last updated on 2025-07-13 00:48:27 CEST.

Flavor Version Tinstall Tcheck Ttotal Status Flags
r-devel-linux-x86_64-debian-clang 0.4.0 7.59 71.18 78.77 NOTE
r-devel-linux-x86_64-debian-gcc 0.4.0 5.20 53.79 58.99 NOTE
r-devel-linux-x86_64-fedora-clang 0.4.0 119.01 NOTE
r-devel-linux-x86_64-fedora-gcc 0.4.0 127.09 NOTE
r-devel-windows-x86_64 0.4.0 9.00 99.00 108.00 NOTE
r-patched-linux-x86_64 0.4.0 7.48 66.65 74.13 NOTE
r-release-linux-x86_64 0.4.0 7.51 65.94 73.45 NOTE
r-release-macos-arm64 0.4.0 72.00 NOTE
r-release-macos-x86_64 0.4.0 83.00 NOTE
r-release-windows-x86_64 0.4.0 10.00 105.00 115.00 NOTE
r-oldrel-macos-arm64 0.4.0 49.00 OK
r-oldrel-macos-x86_64 0.4.0 70.00 OK
r-oldrel-windows-x86_64 0.4.0 14.00 111.00 125.00 OK

Check Details

Version: 0.4.0
Check: DESCRIPTION meta-information
Result: NOTE Missing dependency on R >= 4.1.0 because package code uses the pipe |> or function shorthand \(...) syntax added in R 4.1.0. File(s) using such syntax: ‘service-cohere.R’ Flavors: r-devel-linux-x86_64-debian-clang, r-devel-linux-x86_64-debian-gcc, r-devel-linux-x86_64-fedora-clang, r-devel-linux-x86_64-fedora-gcc, r-devel-windows-x86_64, r-patched-linux-x86_64, r-release-linux-x86_64, r-release-macos-arm64, r-release-macos-x86_64, r-release-windows-x86_64

mirror server hosted at Truenetwork, Russian Federation.