Last updated on 2024-06-29 12:48:17 CEST.
Flavor | Version | Tinstall | Tcheck | Ttotal | Status | Flags |
---|---|---|---|---|---|---|
r-devel-linux-x86_64-debian-clang | 0.1.0.0 | 4.08 | 36.99 | 41.07 | NOTE | |
r-devel-linux-x86_64-debian-gcc | 0.1.0.0 | 3.04 | 29.12 | 32.16 | NOTE | |
r-devel-linux-x86_64-fedora-clang | 0.1.0.0 | 52.53 | NOTE | |||
r-devel-linux-x86_64-fedora-gcc | 0.1.0.0 | 49.77 | NOTE | |||
r-devel-windows-x86_64 | 0.1.0.0 | 6.00 | 50.00 | 56.00 | NOTE | |
r-patched-linux-x86_64 | 0.1.0.0 | 8.24 | 35.72 | 43.96 | NOTE | |
r-release-linux-x86_64 | 0.1.0.0 | 4.63 | 36.00 | 40.63 | NOTE | |
r-release-macos-arm64 | 0.1.0.0 | 20.00 | NOTE | |||
r-release-macos-x86_64 | 0.1.0.0 | 29.00 | NOTE | |||
r-release-windows-x86_64 | 0.1.0.0 | 6.00 | 48.00 | 54.00 | NOTE | |
r-oldrel-macos-arm64 | 0.1.0.0 | 23.00 | NOTE | |||
r-oldrel-macos-x86_64 | 0.1.0.0 | 29.00 | NOTE | |||
r-oldrel-windows-x86_64 | 0.1.0.0 | 6.00 | 54.00 | 60.00 | NOTE |
Version: 0.1.0.0
Check: LazyData
Result: NOTE
'LazyData' is specified without a 'data' directory
Flavors: r-devel-linux-x86_64-debian-clang, r-devel-linux-x86_64-debian-gcc, r-devel-linux-x86_64-fedora-clang, r-devel-linux-x86_64-fedora-gcc, r-devel-windows-x86_64, r-patched-linux-x86_64, r-release-linux-x86_64, r-release-macos-arm64, r-release-macos-x86_64, r-release-windows-x86_64, r-oldrel-macos-arm64, r-oldrel-macos-x86_64, r-oldrel-windows-x86_64