Last updated on 2025-11-02 23:49:39 CET.
| Flavor | Version | Tinstall | Tcheck | Ttotal | Status | Flags |
|---|---|---|---|---|---|---|
| r-devel-linux-x86_64-debian-clang | 0.1.12 | 14.36 | 80.90 | 95.26 | OK | |
| r-devel-linux-x86_64-debian-gcc | 0.1.12 | 10.18 | 61.04 | 71.22 | OK | |
| r-devel-linux-x86_64-fedora-clang | 0.1.12 | 70.00 | 79.39 | 149.39 | NOTE | |
| r-devel-linux-x86_64-fedora-gcc | 0.1.12 | 101.00 | 48.06 | 149.06 | NOTE | |
| r-devel-windows-x86_64 | 0.1.12 | 19.00 | 85.00 | 104.00 | OK | |
| r-patched-linux-x86_64 | 0.1.12 | 15.40 | 79.55 | 94.95 | OK | |
| r-release-linux-x86_64 | 0.1.12 | 12.60 | 78.48 | 91.08 | OK | |
| r-release-macos-arm64 | 0.1.12 | 7.00 | 38.00 | 45.00 | OK | |
| r-release-macos-x86_64 | 0.1.12 | 14.00 | 63.00 | 77.00 | OK | |
| r-release-windows-x86_64 | 0.1.12 | 19.00 | 83.00 | 102.00 | OK | |
| r-oldrel-macos-arm64 | 0.1.12 | 7.00 | 48.00 | 55.00 | NOTE | |
| r-oldrel-macos-x86_64 | 0.1.12 | 12.00 | 82.00 | 94.00 | NOTE | |
| r-oldrel-windows-x86_64 | 0.1.12 | 24.00 | 109.00 | 133.00 | OK |
Version: 0.1.12
Check: compiled code
Result: NOTE
File ‘graphpcor/libs/graphpcor.so’:
Found no calls to: ‘R_registerRoutines’, ‘R_useDynamicSymbols’
It is good practice to register native routines and to disable symbol
search.
See ‘Writing portable packages’ in the ‘Writing R Extensions’ manual.
Flavors: r-devel-linux-x86_64-fedora-clang, r-devel-linux-x86_64-fedora-gcc
Version: 0.1.12
Check: package dependencies
Result: NOTE
Package suggested but not available for checking: ‘INLA’
Flavors: r-oldrel-macos-arm64, r-oldrel-macos-x86_64
Version: 0.1.12
Check: Rd cross-references
Result: NOTE
Package unavailable to check Rd xrefs: ‘INLA’
Flavors: r-oldrel-macos-arm64, r-oldrel-macos-x86_64