CRAN Package Check Results for Package grex

Last updated on 2025-05-24 12:49:18 CEST.

Flavor Version Tinstall Tcheck Ttotal Status Flags
r-devel-linux-x86_64-debian-clang 1.9 2.58 24.32 26.90 NOTE
r-devel-linux-x86_64-debian-gcc 1.9 2.15 20.26 22.41 NOTE
r-devel-linux-x86_64-fedora-clang 1.9 43.89 OK
r-devel-linux-x86_64-fedora-gcc 1.9 52.19 OK
r-devel-windows-x86_64 1.9 4.00 67.00 71.00 OK
r-patched-linux-x86_64 1.9 2.52 22.44 24.96 OK
r-release-linux-x86_64 1.9 2.44 22.55 24.99 OK
r-release-macos-arm64 1.9 22.00 OK
r-release-macos-x86_64 1.9 39.00 OK
r-release-windows-x86_64 1.9 4.00 77.00 81.00 OK
r-oldrel-macos-arm64 1.9 22.00 OK
r-oldrel-macos-x86_64 1.9 33.00 OK
r-oldrel-windows-x86_64 1.9 4.00 50.00 54.00 OK

Check Details

Version: 1.9
Check: CRAN incoming feasibility
Result: NOTE Maintainer: ‘Nan Xiao <me@nanx.me>’ Found the following (possibly) invalid file URIs: URI: CONTRIBUTING.md From: README.md URI: CONDUCT.md From: README.md Flavors: r-devel-linux-x86_64-debian-clang, r-devel-linux-x86_64-debian-gcc

mirror server hosted at Truenetwork, Russian Federation.