CRAN Package Check Results for Package grplasso

Last updated on 2025-11-24 11:50:08 CET.

Flavor Version Tinstall Tcheck Ttotal Status Flags
r-devel-linux-x86_64-debian-clang 0.4-7 3.28 32.33 35.61 NOTE
r-devel-linux-x86_64-debian-gcc 0.4-7 2.46 25.56 28.02 NOTE
r-devel-linux-x86_64-fedora-clang 0.4-7 10.00 44.95 54.95 OK
r-devel-linux-x86_64-fedora-gcc 0.4-7 50.10 OK
r-devel-windows-x86_64 0.4-7 6.00 55.00 61.00 OK
r-patched-linux-x86_64 0.4-7 3.27 30.31 33.58 OK
r-release-linux-x86_64 0.4-7 3.29 30.56 33.85 OK
r-release-macos-arm64 0.4-7 OK
r-release-macos-x86_64 0.4-7 7.00 52.00 59.00 OK
r-release-windows-x86_64 0.4-7 4.00 53.00 57.00 OK
r-oldrel-macos-arm64 0.4-7 OK
r-oldrel-macos-x86_64 0.4-7 3.00 27.00 30.00 OK
r-oldrel-windows-x86_64 0.4-7 5.00 54.00 59.00 OK

Check Details

Version: 0.4-7
Check: CRAN incoming feasibility
Result: NOTE Maintainer: ‘Lukas Meier <meier@stat.math.ethz.ch>’ No Authors@R field in DESCRIPTION. Please add one, modifying Authors@R: person(given = "Lukas", family = "Meier", role = c("aut", "cre"), email = "meier@stat.math.ethz.ch") as necessary. Flavors: r-devel-linux-x86_64-debian-clang, r-devel-linux-x86_64-debian-gcc

mirror server hosted at Truenetwork, Russian Federation.