CRAN Package Check Results for Package gstar

Last updated on 2025-05-28 00:49:03 CEST.

Flavor Version Tinstall Tcheck Ttotal Status Flags
r-devel-linux-x86_64-debian-clang 0.1.0 5.40 50.07 55.47 OK
r-devel-linux-x86_64-debian-gcc 0.1.0 4.54 35.38 39.92 OK
r-devel-linux-x86_64-fedora-clang 0.1.0 91.14 NOTE
r-devel-linux-x86_64-fedora-gcc 0.1.0 77.33 NOTE
r-devel-windows-x86_64 0.1.0 7.00 64.00 71.00 OK
r-patched-linux-x86_64 0.1.0 5.68 45.94 51.62 OK
r-release-linux-x86_64 0.1.0 5.47 45.71 51.18 OK
r-release-macos-arm64 0.1.0 29.00 OK
r-release-macos-x86_64 0.1.0 51.00 OK
r-release-windows-x86_64 0.1.0 7.00 63.00 70.00 OK
r-oldrel-macos-arm64 0.1.0 26.00 OK
r-oldrel-macos-x86_64 0.1.0 48.00 OK
r-oldrel-windows-x86_64 0.1.0 9.00 76.00 85.00 OK

Check Details

Version: 0.1.0
Check: dependencies in R code
Result: NOTE Namespace in Imports field not imported from: ‘dplyr’ All declared Imports should be used. Flavors: r-devel-linux-x86_64-fedora-clang, r-devel-linux-x86_64-fedora-gcc

mirror server hosted at Truenetwork, Russian Federation.