Last updated on 2025-07-12 18:49:42 CEST.
Flavor | Version | Tinstall | Tcheck | Ttotal | Status | Flags |
---|---|---|---|---|---|---|
r-devel-linux-x86_64-debian-clang | 1.0.0 | 2.43 | 23.39 | 25.82 | OK | |
r-devel-linux-x86_64-debian-gcc | 1.0.0 | 1.69 | 19.12 | 20.81 | WARN | |
r-devel-linux-x86_64-fedora-clang | 1.0.0 | 38.19 | OK | |||
r-devel-linux-x86_64-fedora-gcc | 1.0.0 | 34.70 | OK | |||
r-devel-windows-x86_64 | 1.0.0 | 4.00 | 45.00 | 49.00 | OK | |
r-patched-linux-x86_64 | 1.0.0 | 2.59 | 20.88 | 23.47 | OK | |
r-release-linux-x86_64 | 1.0.0 | 1.94 | 21.20 | 23.14 | OK | |
r-release-macos-arm64 | 1.0.0 | 18.00 | OK | |||
r-release-macos-x86_64 | 1.0.0 | 27.00 | OK | |||
r-release-windows-x86_64 | 1.0.0 | 3.00 | 45.00 | 48.00 | OK | |
r-oldrel-macos-arm64 | 1.0.0 | 17.00 | OK | |||
r-oldrel-macos-x86_64 | 1.0.0 | 23.00 | OK | |||
r-oldrel-windows-x86_64 | 1.0.0 | 3.00 | 48.00 | 51.00 | OK |
Version: 1.0.0
Check: replacement functions
Result: WARN
‘find.:.default’ ‘find.:.gstsm’ ‘generate_candidates.:.default’
‘generate_candidates.:.gstsm’ ‘merge.:.default’ ‘merge.:.gstsm’
‘mine.:.default’ ‘mine.:.gstsm’ ‘find.:.default’ ‘find.:.gstsm’
‘generate_candidates.:.default’ ‘generate_candidates.:.gstsm’
‘merge.:.default’ ‘merge.:.gstsm’ ‘mine.:.default’ ‘mine.:.gstsm’
The argument of a replacement function which corresponds to the right
hand side must be named ‘value’.
Flavor: r-devel-linux-x86_64-debian-gcc