CRAN Package Check Results for Package gsubfn

Last updated on 2025-11-22 05:48:36 CET.

Flavor Version Tinstall Tcheck Ttotal Status Flags
r-devel-linux-x86_64-debian-clang 0.7 2.83 38.35 41.18 NOTE
r-devel-linux-x86_64-debian-gcc 0.7 2.78 34.04 36.82 NOTE
r-devel-linux-x86_64-fedora-clang 0.7 12.00 50.90 62.90 OK
r-devel-linux-x86_64-fedora-gcc 0.7 68.69 OK
r-devel-windows-x86_64 0.7 7.00 64.00 71.00 OK
r-patched-linux-x86_64 0.7 2.70 32.70 35.40 OK
r-release-linux-x86_64 0.7 2.24 32.73 34.97 OK
r-release-macos-arm64 0.7 OK
r-release-macos-x86_64 0.7 3.00 58.00 61.00 OK
r-release-windows-x86_64 0.7 3.00 64.00 67.00 OK
r-oldrel-macos-arm64 0.7 OK
r-oldrel-macos-x86_64 0.7 2.00 42.00 44.00 OK
r-oldrel-windows-x86_64 0.7 5.00 71.00 76.00 OK

Check Details

Version: 0.7
Check: CRAN incoming feasibility
Result: NOTE Maintainer: ‘G. Grothendieck <ggrothendieck@gmail.com>’ No Authors@R field in DESCRIPTION. Please add one, modifying Authors@R: person(given = "G.", family = "Grothendieck", role = c("aut", "cre"), email = "ggrothendieck@gmail.com") as necessary. Flavors: r-devel-linux-x86_64-debian-clang, r-devel-linux-x86_64-debian-gcc

mirror server hosted at Truenetwork, Russian Federation.