Last updated on 2025-11-02 23:49:40 CET.
| Flavor | Version | Tinstall | Tcheck | Ttotal | Status | Flags |
|---|---|---|---|---|---|---|
| r-devel-linux-x86_64-debian-clang | 0.1.2 | 2.01 | 33.90 | 35.91 | OK | |
| r-devel-linux-x86_64-debian-gcc | 0.1.2 | 1.60 | 27.45 | 29.05 | OK | |
| r-devel-linux-x86_64-fedora-clang | 0.1.2 | 54.78 | OK | |||
| r-devel-linux-x86_64-fedora-gcc | 0.1.2 | 14.00 | 55.53 | 69.53 | OK | |
| r-devel-windows-x86_64 | 0.1.2 | 4.00 | 58.00 | 62.00 | OK | |
| r-patched-linux-x86_64 | 0.1.2 | 1.70 | 30.67 | 32.37 | OK | |
| r-release-linux-x86_64 | 0.1.2 | 1.38 | 30.82 | 32.20 | OK | |
| r-release-macos-arm64 | 0.1.2 | 1.00 | 26.00 | 27.00 | OK | |
| r-release-macos-x86_64 | 0.1.2 | 2.00 | 45.00 | 47.00 | OK | |
| r-release-windows-x86_64 | 0.1.2 | 3.00 | 55.00 | 58.00 | OK | |
| r-oldrel-macos-arm64 | 0.1.2 | 1.00 | 33.00 | 34.00 | NOTE | |
| r-oldrel-macos-x86_64 | 0.1.2 | 2.00 | 51.00 | 53.00 | NOTE | |
| r-oldrel-windows-x86_64 | 0.1.2 | 5.00 | 62.00 | 67.00 | OK |
Version: 0.1.2
Check: package dependencies
Result: NOTE
Package suggested but not available for checking: ‘BSgenome.Hsapiens.UCSC.hg38’
Flavors: r-oldrel-macos-arm64, r-oldrel-macos-x86_64