CRAN Package Check Results for Package hchinamap

Last updated on 2025-05-28 12:49:35 CEST.

Flavor Version Tinstall Tcheck Ttotal Status Flags
r-devel-linux-x86_64-debian-clang 0.1.0 2.17 28.06 30.23 OK
r-devel-linux-x86_64-debian-gcc 0.1.0 2.28 21.78 24.06 OK
r-devel-linux-x86_64-fedora-clang 0.1.0 48.45 OK
r-devel-linux-x86_64-fedora-gcc 0.1.0 57.13 OK
r-devel-windows-x86_64 0.1.0 7.00 49.00 56.00 OK
r-patched-linux-x86_64 0.1.0 2.09 26.85 28.94 OK
r-release-linux-x86_64 0.1.0 2.93 26.80 29.73 OK
r-release-macos-arm64 0.1.0 40.00 OK
r-release-macos-x86_64 0.1.0 48.00 OK
r-release-windows-x86_64 0.1.0 7.00 51.00 58.00 OK
r-oldrel-macos-arm64 0.1.0 27.00 NOTE
r-oldrel-macos-x86_64 0.1.0 41.00 NOTE
r-oldrel-windows-x86_64 0.1.0 8.00 55.00 63.00 NOTE

Check Details

Version: 0.1.0
Check: installed package size
Result: NOTE installed size is 5.5Mb sub-directories of 1Mb or more: doc 2.7Mb htmlwidgets 2.8Mb Flavors: r-oldrel-macos-arm64, r-oldrel-macos-x86_64, r-oldrel-windows-x86_64

Version: 0.1.0
Check: LazyData
Result: NOTE 'LazyData' is specified without a 'data' directory Flavors: r-oldrel-macos-arm64, r-oldrel-macos-x86_64, r-oldrel-windows-x86_64

mirror server hosted at Truenetwork, Russian Federation.