Last updated on 2025-11-01 23:50:07 CET.
| Flavor | Version | Tinstall | Tcheck | Ttotal | Status | Flags |
|---|---|---|---|---|---|---|
| r-devel-linux-x86_64-debian-clang | 0.2.3 | 40.33 | 33.80 | 74.13 | OK | |
| r-devel-linux-x86_64-debian-gcc | 0.2.3 | 32.96 | 28.35 | 61.31 | OK | |
| r-devel-linux-x86_64-fedora-clang | 0.2.3 | 33.00 | 84.69 | 117.69 | OK | |
| r-devel-linux-x86_64-fedora-gcc | 0.2.3 | 54.00 | 74.36 | 128.36 | OK | |
| r-devel-windows-x86_64 | 0.2.2 | 54.00 | 99.00 | 153.00 | OK | |
| r-patched-linux-x86_64 | 0.2.3 | 45.38 | 35.24 | 80.62 | OK | |
| r-release-linux-x86_64 | 0.2.3 | 42.97 | 35.05 | 78.02 | OK | |
| r-release-macos-arm64 | 0.2.3 | 18.00 | 20.00 | 38.00 | OK | |
| r-release-macos-x86_64 | 0.2.3 | 47.00 | 65.00 | 112.00 | OK | |
| r-release-windows-x86_64 | 0.2.3 | 49.00 | 75.00 | 124.00 | OK | |
| r-oldrel-macos-arm64 | 0.2.3 | 18.00 | 25.00 | 43.00 | NOTE | |
| r-oldrel-macos-x86_64 | 0.2.3 | 52.00 | 88.00 | 140.00 | NOTE | |
| r-oldrel-windows-x86_64 | 0.2.3 | 59.00 | 99.00 | 158.00 | OK |
Version: 0.2.3
Check: installed package size
Result: NOTE
installed size is 12.2Mb
sub-directories of 1Mb or more:
libs 12.0Mb
Flavors: r-oldrel-macos-arm64, r-oldrel-macos-x86_64