Last updated on 2025-11-04 11:52:32 CET.
| Flavor | Version | Tinstall | Tcheck | Ttotal | Status | Flags | 
|---|---|---|---|---|---|---|
| r-devel-linux-x86_64-debian-clang | 1.0.1 | 2.70 | 39.35 | 42.05 | NOTE | |
| r-devel-linux-x86_64-debian-gcc | 1.0.1 | 1.93 | 31.74 | 33.67 | NOTE | |
| r-devel-linux-x86_64-fedora-clang | 1.0.1 | 71.40 | OK | |||
| r-devel-linux-x86_64-fedora-gcc | 1.0.1 | 79.68 | OK | |||
| r-devel-windows-x86_64 | 1.0.1 | 5.00 | 56.00 | 61.00 | OK | |
| r-patched-linux-x86_64 | 1.0.1 | 2.55 | 41.70 | 44.25 | OK | |
| r-release-linux-x86_64 | 1.0.1 | 2.66 | 37.94 | 40.60 | OK | |
| r-release-macos-arm64 | 1.0.1 | 1.00 | 39.00 | 40.00 | OK | |
| r-release-macos-x86_64 | 1.0.1 | 2.00 | 55.00 | 57.00 | OK | |
| r-release-windows-x86_64 | 1.0.1 | 4.00 | 55.00 | 59.00 | OK | |
| r-oldrel-macos-arm64 | 1.0.1 | 1.00 | 29.00 | 30.00 | OK | |
| r-oldrel-macos-x86_64 | 1.0.1 | 2.00 | 43.00 | 45.00 | OK | |
| r-oldrel-windows-x86_64 | 1.0.1 | 5.00 | 66.00 | 71.00 | OK | 
Version: 1.0.1
Check: CRAN incoming feasibility
Result: NOTE
  Maintainer: ‘Raoul Wadhwa <raoulwadhwa@gmail.com>’
  
  Package CITATION file contains call(s) to old-style citEntry().  Please
  use bibentry() instead.
Flavors: r-devel-linux-x86_64-debian-clang, r-devel-linux-x86_64-debian-gcc