CRAN Package Check Results for Package highlightHTML

Last updated on 2025-05-08 18:51:33 CEST.

Flavor Version Tinstall Tcheck Ttotal Status Flags
r-devel-linux-x86_64-debian-clang 0.2.5 1.97 26.02 27.99 NOTE
r-devel-linux-x86_64-debian-gcc 0.2.5 1.51 20.84 22.35 NOTE
r-devel-linux-x86_64-fedora-clang 0.2.5 43.44 OK
r-devel-linux-x86_64-fedora-gcc 0.2.5 54.41 OK
r-devel-windows-x86_64 0.2.5 3.00 47.00 50.00 OK
r-patched-linux-x86_64 0.2.5 1.47 23.91 25.38 OK
r-release-linux-x86_64 0.2.5 1.80 24.13 25.93 OK
r-release-macos-arm64 0.2.5 21.00 OK
r-release-macos-x86_64 0.2.5 38.00 OK
r-release-windows-x86_64 0.2.5 5.00 48.00 53.00 OK
r-oldrel-macos-arm64 0.2.5 21.00 OK
r-oldrel-macos-x86_64 0.2.5 32.00 OK
r-oldrel-windows-x86_64 0.2.5 3.00 51.00 54.00 OK

Check Details

Version: 0.2.5
Check: CRAN incoming feasibility
Result: NOTE Maintainer: ‘Brandon LeBeau <lebebr01+highlightHTML@gmail.com>’ Package CITATION file contains call(s) to old-style citEntry(). Please use bibentry() instead. Flavors: r-devel-linux-x86_64-debian-clang, r-devel-linux-x86_64-debian-gcc

mirror server hosted at Truenetwork, Russian Federation.