Last updated on 2025-05-24 18:50:02 CEST.
Flavor | Version | Tinstall | Tcheck | Ttotal | Status | Flags |
---|---|---|---|---|---|---|
r-devel-linux-x86_64-debian-clang | 1.4.9 | 10.88 | 109.05 | 119.93 | NOTE | |
r-devel-linux-x86_64-debian-gcc | 1.4.9 | 7.97 | 76.87 | 84.84 | NOTE | |
r-devel-linux-x86_64-fedora-clang | 1.4.9 | 202.25 | OK | |||
r-devel-linux-x86_64-fedora-gcc | 1.4.9 | 180.52 | OK | |||
r-devel-windows-x86_64 | 1.4.9 | 13.00 | 121.00 | 134.00 | OK | |
r-patched-linux-x86_64 | 1.4.9 | 12.98 | 101.40 | 114.38 | OK | |
r-release-linux-x86_64 | 1.4.9 | 11.39 | 102.72 | 114.11 | OK | |
r-release-macos-arm64 | 1.4.9 | 54.00 | OK | |||
r-release-macos-x86_64 | 1.4.9 | 99.00 | OK | |||
r-release-windows-x86_64 | 1.4.9 | 13.00 | 124.00 | 137.00 | OK | |
r-oldrel-macos-arm64 | 1.4.9 | 52.00 | NOTE | |||
r-oldrel-macos-x86_64 | 1.4.9 | 79.00 | NOTE | |||
r-oldrel-windows-x86_64 | 1.4.9 | 17.00 | 150.00 | 167.00 | OK |
Version: 1.4.9
Check: CRAN incoming feasibility
Result: NOTE
Maintainer: ‘Rickmer Schulte <R.Schulte@campus.lmu.de>’
No Authors@R field in DESCRIPTION.
Please add one, modifying
Authors@R: c(person(given = "Heidi",
family = "Seibold",
role = "aut",
email = "Heidi.Seibold@uzh.ch"),
person(given = "Monia",
family = "Mahling",
role = "aut",
email = "monia.mahling@stat.uni-muenchen.de"),
person(given = "Sebastian",
family = "Linne",
role = "aut",
email = "Sebastian.Linne@campus.lmu.de"),
person(given = "Felix",
family = "Guenther",
role = "aut",
email = "felix.guenther@stat.uni-muenchen.de"),
person(given = "Rickmer",
family = "Schulte",
role = "cre",
email = "R.Schulte@campus.lmu.de"))
as necessary.
Flavors: r-devel-linux-x86_64-debian-clang, r-devel-linux-x86_64-debian-gcc
Version: 1.4.9
Check: package dependencies
Result: NOTE
Package suggested but not available for checking: ‘INLA’
Flavors: r-oldrel-macos-arm64, r-oldrel-macos-x86_64