CRAN Package Check Results for Package highriskzone

Last updated on 2025-11-22 05:48:37 CET.

Flavor Version Tinstall Tcheck Ttotal Status Flags
r-devel-linux-x86_64-debian-clang 1.4.9 12.51 110.72 123.23 NOTE
r-devel-linux-x86_64-debian-gcc 1.4.9 8.00 80.03 88.03 NOTE
r-devel-linux-x86_64-fedora-clang 1.4.9 50.00 152.85 202.85 OK
r-devel-linux-x86_64-fedora-gcc 1.4.9 58.00 140.20 198.20 OK
r-devel-windows-x86_64 1.4.9 13.00 116.00 129.00 OK
r-patched-linux-x86_64 1.4.9 11.98 104.46 116.44 OK
r-release-linux-x86_64 1.4.9 10.40 106.52 116.92 OK
r-release-macos-arm64 1.4.9 OK
r-release-macos-x86_64 1.4.9 10.00 89.00 99.00 OK
r-release-windows-x86_64 1.4.9 12.00 115.00 127.00 OK
r-oldrel-macos-arm64 1.4.9 NOTE
r-oldrel-macos-x86_64 1.4.9 8.00 71.00 79.00 NOTE
r-oldrel-windows-x86_64 1.4.9 17.00 150.00 167.00 OK

Check Details

Version: 1.4.9
Check: CRAN incoming feasibility
Result: NOTE Maintainer: ‘Rickmer Schulte <R.Schulte@campus.lmu.de>’ No Authors@R field in DESCRIPTION. Please add one, modifying Authors@R: c(person(given = "Heidi", family = "Seibold", role = "aut", email = "Heidi.Seibold@uzh.ch"), person(given = "Monia", family = "Mahling", role = "aut", email = "monia.mahling@stat.uni-muenchen.de"), person(given = "Sebastian", family = "Linne", role = "aut", email = "Sebastian.Linne@campus.lmu.de"), person(given = "Felix", family = "Guenther", role = "aut", email = "felix.guenther@stat.uni-muenchen.de"), person(given = "Rickmer", family = "Schulte", role = "cre", email = "R.Schulte@campus.lmu.de")) as necessary. Flavors: r-devel-linux-x86_64-debian-clang, r-devel-linux-x86_64-debian-gcc

Version: 1.4.9
Check: package dependencies
Result: NOTE Package suggested but not available for checking: ‘INLA’ Flavors: r-oldrel-macos-arm64, r-oldrel-macos-x86_64

mirror server hosted at Truenetwork, Russian Federation.