CRAN Package Check Results for Package hilbert

Last updated on 2025-07-09 18:54:42 CEST.

Flavor Version Tinstall Tcheck Ttotal Status Flags
r-devel-linux-x86_64-debian-clang 0.2.1 8.71 27.71 36.42 NOTE
r-devel-linux-x86_64-debian-gcc 0.2.1 7.74 22.63 30.37 NOTE
r-devel-linux-x86_64-fedora-clang 0.2.1 60.51 NOTE
r-devel-linux-x86_64-fedora-gcc 0.2.1 71.19 NOTE
r-devel-windows-x86_64 0.2.1 13.00 54.00 67.00 NOTE
r-patched-linux-x86_64 0.2.1 11.44 25.44 36.88 NOTE
r-release-linux-x86_64 0.2.1 10.44 25.15 35.59 NOTE
r-release-macos-arm64 0.2.1 25.00 NOTE
r-release-macos-x86_64 0.2.1 43.00 NOTE
r-release-windows-x86_64 0.2.1 12.00 55.00 67.00 NOTE
r-oldrel-macos-arm64 0.2.1 24.00 NOTE
r-oldrel-macos-x86_64 0.2.1 37.00 NOTE
r-oldrel-windows-x86_64 0.2.1 13.00 62.00 75.00 NOTE

Additional issues

rchk

Check Details

Version: 0.2.1
Check: C++ specification
Result: NOTE Specified C++11: please drop specification unless essential Flavors: r-devel-linux-x86_64-debian-clang, r-devel-linux-x86_64-debian-gcc, r-devel-linux-x86_64-fedora-clang, r-devel-linux-x86_64-fedora-gcc, r-devel-windows-x86_64, r-patched-linux-x86_64, r-release-linux-x86_64, r-release-macos-arm64, r-release-macos-x86_64, r-release-windows-x86_64, r-oldrel-macos-arm64, r-oldrel-macos-x86_64, r-oldrel-windows-x86_64

mirror server hosted at Truenetwork, Russian Federation.