Last updated on 2024-06-26 18:58:41 CEST.
Flavor | Version | Tinstall | Tcheck | Ttotal | Status | Flags |
---|---|---|---|---|---|---|
r-devel-linux-x86_64-debian-clang | 0.4.3 | NOTE | ||||
r-devel-linux-x86_64-debian-gcc | 0.4.3 | 13.49 | 126.29 | 139.78 | NOTE | |
r-devel-linux-x86_64-fedora-clang | 0.4.3 | 236.98 | NOTE | |||
r-devel-linux-x86_64-fedora-gcc | 0.4.3 | 292.74 | NOTE | |||
r-devel-windows-x86_64 | 0.4.3 | 17.00 | 219.00 | 236.00 | NOTE | |
r-patched-linux-x86_64 | 0.4.3 | 17.08 | 160.37 | 177.45 | NOTE | |
r-release-linux-x86_64 | 0.4.3 | 18.15 | 162.05 | 180.20 | NOTE | |
r-release-macos-arm64 | 0.4.3 | 61.00 | NOTE | |||
r-release-macos-x86_64 | 0.4.3 | 94.00 | NOTE | |||
r-release-windows-x86_64 | 0.4.3 | 17.00 | 234.00 | 251.00 | NOTE | |
r-oldrel-macos-arm64 | 0.4.3 | 68.00 | NOTE | |||
r-oldrel-macos-x86_64 | 0.4.3 | 121.00 | NOTE | |||
r-oldrel-windows-x86_64 | 0.4.3 | 16.00 | 227.00 | 243.00 | NOTE |
Version: 0.4.3
Check: C++ specification
Result: NOTE
Specified C++11: please drop specification unless essential
Flavors: r-devel-linux-x86_64-debian-clang, r-devel-linux-x86_64-debian-gcc, r-devel-linux-x86_64-fedora-clang, r-devel-linux-x86_64-fedora-gcc, r-devel-windows-x86_64, r-patched-linux-x86_64, r-release-linux-x86_64, r-release-macos-arm64, r-release-macos-x86_64, r-release-windows-x86_64, r-oldrel-macos-arm64, r-oldrel-macos-x86_64, r-oldrel-windows-x86_64
Version: 0.4.3
Check: LazyData
Result: NOTE
'LazyData' is specified without a 'data' directory
Flavors: r-devel-linux-x86_64-debian-clang, r-devel-linux-x86_64-debian-gcc, r-devel-linux-x86_64-fedora-clang, r-devel-linux-x86_64-fedora-gcc, r-devel-windows-x86_64, r-patched-linux-x86_64, r-release-linux-x86_64, r-release-macos-arm64, r-release-macos-x86_64, r-release-windows-x86_64, r-oldrel-macos-arm64, r-oldrel-macos-x86_64, r-oldrel-windows-x86_64