CRAN Package Check Results for Package hilbertSimilarity

Last updated on 2025-02-22 11:51:29 CET.

Flavor Version Tinstall Tcheck Ttotal Status Flags
r-devel-linux-x86_64-debian-clang 0.4.3 9.38 119.20 128.58 NOTE
r-devel-linux-x86_64-debian-gcc 0.4.3 6.55 86.98 93.53 NOTE
r-devel-linux-x86_64-fedora-clang 0.4.3 215.31 NOTE
r-devel-linux-x86_64-fedora-gcc 0.4.3 277.15 NOTE
r-devel-macos-arm64 0.4.3 63.00 NOTE
r-devel-macos-x86_64 0.4.3 133.00 NOTE
r-devel-windows-x86_64 0.4.3 11.00 210.00 221.00 NOTE
r-patched-linux-x86_64 0.4.3 9.95 121.04 130.99 NOTE
r-release-linux-x86_64 0.4.3 9.07 122.34 131.41 NOTE
r-release-macos-arm64 0.4.3 61.00 NOTE
r-release-macos-x86_64 0.4.3 94.00 NOTE
r-release-windows-x86_64 0.4.3 11.00 217.00 228.00 NOTE
r-oldrel-macos-arm64 0.4.3 68.00 NOTE
r-oldrel-macos-x86_64 0.4.3 121.00 NOTE
r-oldrel-windows-x86_64 0.4.3 13.00 222.00 235.00 NOTE

Check Details

Version: 0.4.3
Check: C++ specification
Result: NOTE Specified C++11: please drop specification unless essential Flavors: r-devel-linux-x86_64-debian-clang, r-devel-linux-x86_64-debian-gcc, r-devel-linux-x86_64-fedora-clang, r-devel-linux-x86_64-fedora-gcc, r-devel-macos-arm64, r-devel-macos-x86_64, r-devel-windows-x86_64, r-patched-linux-x86_64, r-release-linux-x86_64, r-release-macos-arm64, r-release-macos-x86_64, r-release-windows-x86_64, r-oldrel-macos-arm64, r-oldrel-macos-x86_64, r-oldrel-windows-x86_64

Version: 0.4.3
Check: LazyData
Result: NOTE 'LazyData' is specified without a 'data' directory Flavors: r-patched-linux-x86_64, r-release-linux-x86_64, r-release-macos-arm64, r-release-macos-x86_64, r-release-windows-x86_64, r-oldrel-macos-arm64, r-oldrel-macos-x86_64, r-oldrel-windows-x86_64

mirror server hosted at Truenetwork, Russian Federation.