Last updated on 2025-11-02 17:49:40 CET.
| Flavor | Version | Tinstall | Tcheck | Ttotal | Status | Flags |
|---|---|---|---|---|---|---|
| r-devel-linux-x86_64-debian-clang | 0.5.2 | 2.83 | 38.35 | 41.18 | NOTE | |
| r-devel-linux-x86_64-debian-gcc | 0.5.2 | 2.10 | 29.37 | 31.47 | NOTE | |
| r-devel-linux-x86_64-fedora-clang | 0.5.2 | 61.40 | OK | |||
| r-devel-linux-x86_64-fedora-gcc | 0.5.2 | 56.83 | OK | |||
| r-devel-windows-x86_64 | 0.5.2 | 6.00 | 54.00 | 60.00 | OK | |
| r-patched-linux-x86_64 | 0.5.2 | 3.19 | 36.83 | 40.02 | OK | |
| r-release-linux-x86_64 | 0.5.2 | 2.73 | 37.09 | 39.82 | OK | |
| r-release-macos-arm64 | 0.5.2 | 2.00 | 20.00 | 22.00 | OK | |
| r-release-macos-x86_64 | 0.5.2 | 3.00 | 36.00 | 39.00 | OK | |
| r-release-windows-x86_64 | 0.5.2 | 6.00 | 53.00 | 59.00 | OK | |
| r-oldrel-macos-arm64 | 0.5.2 | 1.00 | 19.00 | 20.00 | OK | |
| r-oldrel-macos-x86_64 | 0.5.2 | 2.00 | 36.00 | 38.00 | OK | |
| r-oldrel-windows-x86_64 | 0.5.2 | 6.00 | 68.00 | 74.00 | OK |
Version: 0.5.2
Check: CRAN incoming feasibility
Result: NOTE
Maintainer: ‘Daijiang Li <daijianglee@gmail.com>’
No Authors@R field in DESCRIPTION.
Please add one, modifying
Authors@R: person(given = "Daijiang",
family = "Li",
role = c("aut", "cre"),
email = "daijianglee@gmail.com")
as necessary.
Flavors: r-devel-linux-x86_64-debian-clang, r-devel-linux-x86_64-debian-gcc