Last updated on 2025-02-22 11:51:29 CET.
Flavor | Version | Tinstall | Tcheck | Ttotal | Status | Flags |
---|---|---|---|---|---|---|
r-devel-linux-x86_64-debian-clang | 0.2.4 | 86.82 | 40.53 | 127.35 | NOTE | |
r-devel-linux-x86_64-debian-gcc | 0.2.4 | 63.13 | 29.83 | 92.96 | NOTE | |
r-devel-linux-x86_64-fedora-clang | 0.2.4 | 247.90 | NOTE | |||
r-devel-linux-x86_64-fedora-gcc | 0.2.4 | 238.37 | NOTE | |||
r-devel-macos-arm64 | 0.2.4 | 54.00 | NOTE | |||
r-devel-macos-x86_64 | 0.2.4 | 76.00 | NOTE | |||
r-devel-windows-x86_64 | 0.2.4 | 110.00 | 82.00 | 192.00 | NOTE | |
r-patched-linux-x86_64 | 0.2.4 | 88.73 | 38.06 | 126.79 | OK | |
r-release-linux-x86_64 | 0.2.4 | 86.67 | 38.13 | 124.80 | OK | |
r-release-macos-arm64 | 0.2.4 | 60.00 | OK | |||
r-release-macos-x86_64 | 0.2.4 | 58.00 | OK | |||
r-release-windows-x86_64 | 0.2.4 | 110.00 | 79.00 | 189.00 | OK | |
r-oldrel-macos-arm64 | 0.2.4 | 69.00 | OK | |||
r-oldrel-macos-x86_64 | 0.2.4 | 77.00 | OK | |||
r-oldrel-windows-x86_64 | 0.2.4 | 144.00 | 94.00 | 238.00 | OK |
Version: 0.2.4
Check: compiled code
Result: NOTE
File ‘hipread/libs/hipread.so’:
Found non-API calls to R: ‘SETLENGTH’, ‘SET_TRUELENGTH’
Compiled code should not call non-API entry points in R.
See ‘Writing portable packages’ in the ‘Writing R Extensions’ manual,
and section ‘Moving into C API compliance’ for issues with the use of
non-API entry points.
Flavors: r-devel-linux-x86_64-debian-clang, r-devel-linux-x86_64-debian-gcc, r-devel-linux-x86_64-fedora-clang, r-devel-linux-x86_64-fedora-gcc, r-devel-macos-arm64, r-devel-macos-x86_64
Version: 0.2.4
Check: compiled code
Result: NOTE
File 'hipread/libs/x64/hipread.dll':
Found non-API calls to R: 'SETLENGTH', 'SET_TRUELENGTH'
Compiled code should not call non-API entry points in R.
See 'Writing portable packages' in the 'Writing R Extensions' manual,
and section 'Moving into C API compliance' for issues with the use of
non-API entry points.
Flavor: r-devel-windows-x86_64