CRAN Package Check Results for Package hive

Last updated on 2025-07-13 06:48:26 CEST.

Flavor Version Tinstall Tcheck Ttotal Status Flags
r-devel-linux-x86_64-debian-clang 0.2-2 4.19 39.31 43.50 OK
r-devel-linux-x86_64-debian-gcc 0.2-2 3.21 29.60 32.81 OK
r-devel-linux-x86_64-fedora-clang 0.2-2 67.05 OK
r-devel-linux-x86_64-fedora-gcc 0.2-2 62.28 OK
r-devel-windows-x86_64 0.2-2 5.00 55.00 60.00 OK
r-patched-linux-x86_64 0.2-2 5.00 37.58 42.58 OK
r-release-linux-x86_64 0.2-2 3.83 36.43 40.26 OK
r-release-macos-arm64 0.2-2 22.00 OK
r-release-macos-x86_64 0.2-2 36.00 OK
r-release-windows-x86_64 0.2-2 4.00 60.00 64.00 OK
r-oldrel-macos-arm64 0.2-2 21.00 NOTE
r-oldrel-macos-x86_64 0.2-2 35.00 NOTE
r-oldrel-windows-x86_64 0.2-2 5.00 55.00 60.00 NOTE

Check Details

Version: 0.2-2
Check: package dependencies
Result: NOTE Package which this enhances but not available for checking: ‘HadoopStreaming’ Flavors: r-oldrel-macos-arm64, r-oldrel-macos-x86_64, r-oldrel-windows-x86_64

mirror server hosted at Truenetwork, Russian Federation.