Last updated on 2025-11-22 17:49:32 CET.
| Flavor | Version | Tinstall | Tcheck | Ttotal | Status | Flags |
|---|---|---|---|---|---|---|
| r-devel-linux-x86_64-debian-clang | 1.0-0.1 | 3.93 | 55.38 | 59.31 | NOTE | |
| r-devel-linux-x86_64-debian-gcc | 1.0-0.1 | 3.37 | 41.58 | 44.95 | NOTE | |
| r-devel-linux-x86_64-fedora-clang | 1.0-0.1 | 87.83 | OK | |||
| r-devel-linux-x86_64-fedora-gcc | 1.0-0.1 | 11.00 | 74.58 | 85.58 | OK | |
| r-devel-windows-x86_64 | 1.0-0.1 | 8.00 | 73.00 | 81.00 | OK | |
| r-patched-linux-x86_64 | 1.0-0.1 | 4.78 | 51.67 | 56.45 | OK | |
| r-release-linux-x86_64 | 1.0-0.1 | 4.76 | 51.19 | 55.95 | OK | |
| r-release-macos-arm64 | 1.0-0.1 | OK | ||||
| r-release-macos-x86_64 | 1.0-0.1 | 3.00 | 51.00 | 54.00 | OK | |
| r-release-windows-x86_64 | 1.0-0.1 | 7.00 | 74.00 | 81.00 | OK | |
| r-oldrel-macos-arm64 | 1.0-0.1 | OK | ||||
| r-oldrel-macos-x86_64 | 1.0-0.1 | 3.00 | 51.00 | 54.00 | OK | |
| r-oldrel-windows-x86_64 | 1.0-0.1 | 8.00 | 94.00 | 102.00 | OK |
Version: 1.0-0.1
Check: CRAN incoming feasibility
Result: NOTE
Maintainer: ‘Ingmar Visser <i.visser@uva.nl>’
Package CITATION file contains call(s) to old-style personList() or
as.personList(). Please use c() on person objects instead.
Package CITATION file contains call(s) to old-style citEntry(). Please
use bibentry() instead.
Flavors: r-devel-linux-x86_64-debian-clang, r-devel-linux-x86_64-debian-gcc