Last updated on 2025-10-13 06:49:40 CEST.
Flavor | Version | Tinstall | Tcheck | Ttotal | Status | Flags |
---|---|---|---|---|---|---|
r-devel-linux-x86_64-debian-clang | 0.8.6 | 10.93 | 126.16 | 137.09 | OK | |
r-devel-linux-x86_64-debian-gcc | 0.8.6 | 7.34 | 81.94 | 89.28 | ERROR | |
r-devel-linux-x86_64-fedora-clang | 0.8.6 | 205.16 | OK | |||
r-devel-linux-x86_64-fedora-gcc | 0.8.6 | 197.94 | OK | |||
r-devel-windows-x86_64 | 0.8.6 | 15.00 | 159.00 | 174.00 | OK | |
r-patched-linux-x86_64 | 0.8.6 | 9.33 | 115.57 | 124.90 | OK | |
r-release-linux-x86_64 | 0.8.6 | 10.08 | 116.02 | 126.10 | OK | |
r-release-macos-arm64 | 0.8.6 | 49.00 | OK | |||
r-release-macos-x86_64 | 0.8.6 | 86.00 | OK | |||
r-release-windows-x86_64 | 0.8.6 | 16.00 | 161.00 | 177.00 | OK | |
r-oldrel-macos-arm64 | 0.8.6 | 73.00 | OK | |||
r-oldrel-macos-x86_64 | 0.8.6 | 87.00 | OK | |||
r-oldrel-windows-x86_64 | 0.8.6 | 19.00 | 188.00 | 207.00 | OK |
Version: 0.8.6
Check: re-building of vignette outputs
Result: ERROR
Error(s) in re-building vignettes:
...
--- re-building ‘usinghockeystick.qmd’ using html
<1b>[31m
processing file: usinghockeystick.qmd
<1b>[39m<1b>[31mtrying URL 'https://gml.noaa.gov/webdata/ccgg/trends/co2/co2_mm_mlo.csv'
<1b>[39m<1b>[31mContent type 'text/csv' length 38201 bytes (37 KB)
==========<1b>[39m<1b>[31m=<1b>[39m<1b>[31m=========<1b>[39m<1b>[31m==============================
downloaded 37 KB
<1b>[39m<1b>[31mtrying URL 'https://github.com/owid/co2-data/raw/master/owid-co2-data.csv'
<1b>[39m<1b>[31mContent type 'text/plain; charset=utf-8' length 14280395 bytes (13.6 MB)
<1b>[39m<1b>[31m=====<1b>[39m<1b>[31m====<1b>[39m<1b>[31m=<1b>[39m<1b>[31m=<1b>[39m<1b>[31m==<1b>[39m<1b>[31m=<1b>[39m<1b>[31m=<1b>[39m<1b>[31m==<1b>[39m<1b>[31m=<1b>[39m<1b>[31m=<1b>[39m<1b>[31m=<1b>[39m<1b>[31m=<1b>[39m<1b>[31m==<1b>[39m<1b>[31m=<1b>[39m<1b>[31m=<1b>[39m<1b>[31m=<1b>[39m<1b>[31m=<1b>[39m<1b>[31m==<1b>[39m<1b>[31m=<1b>[39m<1b>[31m=<1b>[39m<1b>[31m==<1b>[39m<1b>[31m=<1b>[39m<1b>[31m=<1b>[39m<1b>[31m=<1b>[39m<1b>[31m=<1b>[39m<1b>[31m=<1b>[39m<1b>[31m=<1b>[39m<1b>[31m=<1b>[39m<1b>[31m==========
downloaded 13.6 MB
<1b>[39m<1b>[31mtrying URL 'https://github.com/owid/co2-data/raw/master/owid-co2-data.csv'
<1b>[39m<1b>[31mContent type 'text/plain; charset=utf-8' length 14280395 bytes (13.6 MB)
<1b>[39m<1b>[31m=<1b>[39m<1b>[31m=<1b>[39m<1b>[31m=<1b>[39m<1b>[31m=<1b>[39m<1b>[31m=<1b>[39m<1b>[31m=<1b>[39m<1b>[31m=<1b>[39m<1b>[31m=<1b>[39m<1b>[31m=<1b>[39m<1b>[31m=<1b>[39m<1b>[31m=<1b>[39m<1b>[31m=<1b>[39m<1b>[31m=<1b>[39m<1b>[31m=<1b>[39m<1b>[31m=<1b>[39m<1b>[31m=<1b>[39m<1b>[31m=<1b>[39m<1b>[31m=<1b>[39m<1b>[31m=<1b>[39m<1b>[31m=<1b>[39m<1b>[31m=<1b>[39m<1b>[31m=<1b>[39m<1b>[31m=<1b>[39m<1b>[31m=<1b>[39m<1b>[31m=<1b>[39m<1b>[31m=<1b>[39m<1b>[31m====<1b>[39m<1b>[31m=<1b>[39m<1b>[31m=<1b>[39m<1b>[31m=<1b>[39m<1b>[31m=<1b>[39m<1b>[31m=<1b>[39m<1b>[31m=<1b>[39m<1b>[31m=<1b>[39m<1b>[31m=<1b>[39m<1b>[31m=<1b>[39m<1b>[31m=<1b>[39m<1b>[31m=<1b>[39m<1b>[31m=<1b>[39m<1b>[31m=<1b>[39m<1b>[31m=<1b>[39m<1b>[31m=<1b>[39m<1b>[31m=<1b>[39m<1b>[31m=<1b>[39m<1b>[31m=<1b>[39m<1b>[31m=<1b>[39m<1b>[31m=
downloaded 13.6 MB
<1b>[39m<1b>[31mtrying URL 'https://data.giss.nasa.gov/gistemp/tabledata_v4/GLB.Ts+dSST.csv'
<1b>[39m<1b>[31mContent type 'text/csv' length 12792 bytes (12 KB)
==============================<1b>[39m<1b>[31m====================
downloaded 12 KB
<1b>[39m<1b>[31mtrying URL 'https://gml.noaa.gov/webdata/ccgg/trends/co2/co2_mm_mlo.csv'
<1b>[39m<1b>[31mContent type 'text/csv' length 38201 bytes (37 KB)
==========<1b>[39m<1b>[31m==========<1b>[39m<1b>[31m===========<1b>[39m<1b>[31m===================
downloaded 37 KB
<1b>[39m<1b>[31mtrying URL 'https://data.giss.nasa.gov/gistemp/tabledata_v4/GLB.Ts+dSST.csv'
<1b>[39m<1b>[31mContent type 'text/csv'<1b>[39m<1b>[31m length 12792 bytes (12 KB)
<1b>[39m<1b>[31m=<1b>[39m<1b>[31m=<1b>[39m<1b>[31m=<1b>[39m<1b>[31m=<1b>[39m<1b>[31m=<1b>[39m<1b>[31m=<1b>[39m<1b>[31m=<1b>[39m<1b>[31m=<1b>[39m<1b>[31m=<1b>[39m<1b>[31m=<1b>[39m<1b>[31m=<1b>[39m<1b>[31m=<1b>[39m<1b>[31m=<1b>[39m<1b>[31m=<1b>[39m<1b>[31m=<1b>[39m<1b>[31m=<1b>[39m<1b>[31m=<1b>[39m<1b>[31m=<1b>[39m<1b>[31m=<1b>[39m<1b>[31m=<1b>[39m<1b>[31m=<1b>[39m<1b>[31m=<1b>[39m<1b>[31m=<1b>[39m<1b>[31m=<1b>[39m<1b>[31m=<1b>[39m<1b>[31m=<1b>[39m<1b>[31m=<1b>[39m<1b>[31m=<1b>[39m<1b>[31m==<1b>[39m<1b>[31m====================
downloaded 12 KB
<1b>[39m<1b>[31mtrying URL 'https://data.giss.nasa.gov/gistemp/tabledata_v4/GLB.Ts+dSST.csv'
<1b>[39m<1b>[31mContent type 'text/csv' length 12792 bytes (12 KB)
=============================<1b>[39m<1b>[31m=<1b>[39m<1b>[31m====================<1b>[39m<1b>[31m
downloaded 12 KB
<1b>[39m<1b>[31mtrying URL 'https://data.giss.nasa.gov/gistemp/tabledata_v4/GLB.Ts+dSST.csv'
<1b>[39m<1b>[31mContent type 'text/csv' length 12792 bytes (12 KB)
=============================<1b>[39m<1b>[31m=<1b>[39m<1b>[31m====================<1b>[39m<1b>[31m
downloaded 12 KB
<1b>[39m<1b>[31mtrying URL 'https://www.star.nesdis.noaa.gov/socd/lsa/SeaLevelRise/slr/slr_sla_gbl_free_ref_90.csv'
<1b>[39m<1b>[31mContent type 'text/csv' length 38739 bytes (37 KB)
<1b>[39m<1b>[31m=====================<1b>[39m<1b>[31m=============================
downloaded 37 KB
<1b>[39m<1b>[31mtrying URL 'https://research.csiro.au/slrwavescoast/?ddownload=327'
<1b>[39m<1b>[31mError in download.file(file_url, dl, mode = "wb") :
cannot open URL 'https://research.csiro.au/slrwavescoast/?ddownload=327'
<1b>[39m<1b>[31mCalls: .main ... withVisible -> eval -> eval -> get_sealevel -> download.file
<1b>[39m<1b>[31m
Quitting from usinghockeystick.qmd:65-70 [sealevel]
~~~~~~~~~~~~~~~~~~~~~~~~~~~~~~~~~~~~~~~~~~~~~~~~~~~~~~~~~~~~~~~~~~~~~<1b>[39m<1b>[31m~~~~~~~~~~~
<error/rlang_error>
Error in `download.file()`:
! cannot open URL 'https://research.csiro.au/slrwavescoast/?ddownloa<1b>[39m<1b>[31md=327'
---
Backtrace:
▆
1. └─hockeystick::get_sealevel()
2. └─utils::download.file(file_url, dl, mode = "wb")
<1b>[39m<1b>[31m~~~~~~~~~~~~~~~~~~~~~~~~~~~~~~~~~~~~~~~~~~~~~~~~~~~~~~~~~~~~~~~~~~~~~~~~~~~~~~~~
Execution halted
<1b>[39m<1b>[33mWARN: Error encountered when rendering files<1b>[39m
Error: processing vignette 'usinghockeystick.qmd' failed with diagnostics:
! Error running quarto CLI from R.
Caused by error in `quarto_render()`:
✖ Error returned by quarto CLI.
-----------------------------
processing file: usinghockeystick.qmd
<1b>[31mtrying URL 'https://gml.noaa.gov/webdata/ccgg/trends/co2/co2_mm_mlo.csv'<1b>[39m
<1b>[31mContent type 'text/csv' length 38201 bytes (37 KB)<1b>[39m
==========<1b>[31m========================================<1b>[39m
downloaded 37 KB
<1b>[31mtrying URL 'https://github.com/owid/co2-data/raw/master/owid-co2-data.csv'<1b>[39m
<1b>[31mContent type 'text/plain; charset=utf-8' length 14280395 bytes (13.6 MB)<1b>[39m
<1b>[31m==================================================<1b>[39m
downloaded 13.6 MB
<1b>[31mtrying URL 'https://github.com/owid/co2-data/raw/master/owid-co2-data.csv'<1b>[39m
<1b>[31mContent type 'text/plain; charset=utf-8' length 14280395 bytes (13.6 MB)<1b>[39m
<1b>[31m==================================================<1b>[39m
downloaded 13.6 MB
<1b>[31mtrying URL 'https://data.giss.nasa.gov/gistemp/tabledata_v4/GLB.Ts+dSST.csv'<1b>[39m
<1b>[31mContent type 'text/csv' length 12792 bytes (12 KB)<1b>[39m
==============================<1b>[31m====================<1b>[39m
downloaded 12 KB
<1b>[31mtrying URL 'https://gml.noaa.gov/webdata/ccgg/trends/co2/co2_mm_mlo.csv'<1b>[39m
<1b>[31mContent type 'text/csv' length 38201 bytes (37 KB)<1b>[39m
==========<1b>[31m========================================<1b>[39m
downloaded 37 KB
<1b>[31mtrying URL 'https://data.giss.nasa.gov/gistemp/tabledata_v4/GLB.Ts+dSST.csv'<1b>[39m
<1b>[31mContent type 'text/csv' length 12792 bytes (12 KB)<1b>[39m
<1b>[31m==================================================<1b>[39m
downloaded 12 KB
<1b>[31mtrying URL 'https://data.giss.nasa.gov/gistemp/tabledata_v4/GLB.Ts+dSST.csv'<1b>[39m
<1b>[31mContent type 'text/csv' length 12792 bytes (12 KB)<1b>[39m
=============================<1b>[31m=====================<1b>[39m
downloaded 12 KB
<1b>[31mtrying URL 'https://data.giss.nasa.gov/gistemp/tabledata_v4/GLB.Ts+dSST.csv'<1b>[39m
<1b>[31mContent type 'text/csv' length 12792 bytes (12 KB)<1b>[39m
=============================<1b>[31m=====================<1b>[39m
downloaded 12 KB
<1b>[31mtrying URL<1b>[39m
<1b>[31m'https://www.star.nesdis.noaa.gov/socd/lsa/SeaLevelRise/slr/slr_sla_gbl_free_ref_90.csv'<1b>[39m
<1b>[31mContent type 'text/csv' length 38739 bytes (37 KB)<1b>[39m
<1b>[31m==================================================<1b>[39m
downloaded 37 KB
<1b>[31mtrying URL 'https://research.csiro.au/slrwavescoast/?ddownload=327'<1b>[39m
<1b>[31mError in download.file(file_url, dl, mode = "wb") :<1b>[39m
cannot open URL 'https://research.csiro.au/slrwavescoast/?ddownload=327'
<1b>[31mCalls: .main ... withVisible -> eval -> eval -> get_sealevel -> download.file<1b>[39m
Quitting from usinghockeystick.qmd:65-70 [sealevel]
~~~~~~~~~~~~~~~~~~~~~~~~~~~~~~~~~~~~~~~~~~~~~~~~~~~~~~~~~~~~~~~~~~~~~<1b>[31m~~~~~~~~~~~<1b>[39m
<error/rlang_error>
Error in `download.file()`:
! cannot open URL 'https://research.csiro.au/slrwavescoast/?ddownloa<1b>[31md=327'<1b>[39m
---
Backtrace:
▆
1. └─hockeystick::get_sealevel()
2. └─utils::download.file(file_url, dl, mode = "wb")
<1b>[31m~~~~~~~~~~~~~~~~~~~~~~~~~~~~~~~~~~~~~~~~~~~~~~~~~~~~~~~~~~~~~~~~~~~~~~~~~~~~~~~~<1b>[39m
Execution halted
<1b>[33mWARN: Error encountered when rendering files<1b>[39m
Caused by error:
! System command 'quarto' failed
--- failed re-building ‘usinghockeystick.qmd’
SUMMARY: processing the following file failed:
‘usinghockeystick.qmd’
Error: Vignette re-building failed.
Execution halted
Flavor: r-devel-linux-x86_64-debian-gcc