CRAN Package Check Results for Package hues

Last updated on 2025-02-22 11:51:29 CET.

Flavor Version Tinstall Tcheck Ttotal Status Flags
r-devel-linux-x86_64-debian-clang 0.2.0 1.96 23.01 24.97 OK
r-devel-linux-x86_64-debian-gcc 0.2.0 1.44 19.48 20.92 OK
r-devel-linux-x86_64-fedora-clang 0.2.0 40.57 OK
r-devel-linux-x86_64-fedora-gcc 0.2.0 40.97 OK
r-devel-macos-arm64 0.2.0 20.00 OK
r-devel-macos-x86_64 0.2.0 31.00 OK
r-devel-windows-x86_64 0.2.0 3.00 46.00 49.00 OK
r-patched-linux-x86_64 0.2.0 2.07 22.56 24.63 NOTE
r-release-linux-x86_64 0.2.0 1.89 23.45 25.34 NOTE
r-release-macos-arm64 0.2.0 16.00 NOTE
r-release-macos-x86_64 0.2.0 30.00 NOTE
r-release-windows-x86_64 0.2.0 3.00 47.00 50.00 NOTE
r-oldrel-macos-arm64 0.2.0 17.00 NOTE
r-oldrel-macos-x86_64 0.2.0 26.00 NOTE
r-oldrel-windows-x86_64 0.2.0 3.00 49.00 52.00 NOTE

Check Details

Version: 0.2.0
Check: LazyData
Result: NOTE 'LazyData' is specified without a 'data' directory Flavors: r-patched-linux-x86_64, r-release-linux-x86_64, r-release-macos-arm64, r-release-macos-x86_64, r-release-windows-x86_64, r-oldrel-macos-arm64, r-oldrel-macos-x86_64, r-oldrel-windows-x86_64

mirror server hosted at Truenetwork, Russian Federation.