CRAN Package Check Results for Package hydropeak

Last updated on 2025-11-24 11:50:09 CET.

Flavor Version Tinstall Tcheck Ttotal Status Flags
r-devel-linux-x86_64-debian-clang 0.1.2 2.08 33.37 35.45 NOTE
r-devel-linux-x86_64-debian-gcc 0.1.2 1.63 26.17 27.80 NOTE
r-devel-linux-x86_64-fedora-clang 0.1.2 52.91 OK
r-devel-linux-x86_64-fedora-gcc 0.1.2 62.06 OK
r-devel-windows-x86_64 0.1.2 4.00 50.00 54.00 OK
r-patched-linux-x86_64 0.1.2 2.06 31.15 33.21 OK
r-release-linux-x86_64 0.1.2 1.48 30.93 32.41 OK
r-release-macos-arm64 0.1.2 OK
r-release-macos-x86_64 0.1.2 2.00 44.00 46.00 OK
r-release-windows-x86_64 0.1.2 5.00 51.00 56.00 OK
r-oldrel-macos-arm64 0.1.2 OK
r-oldrel-macos-x86_64 0.1.2 2.00 34.00 36.00 OK
r-oldrel-windows-x86_64 0.1.2 4.00 58.00 62.00 OK

Check Details

Version: 0.1.2
Check: CRAN incoming feasibility
Result: NOTE Maintainer: ‘Bettina Grün <Bettina.Gruen@R-project.org>’ Package CITATION file contains call(s) to old-style personList() or as.personList(). Please use c() on person objects instead. Package CITATION file contains call(s) to old-style citEntry(). Please use bibentry() instead. Flavors: r-devel-linux-x86_64-debian-clang, r-devel-linux-x86_64-debian-gcc

mirror server hosted at Truenetwork, Russian Federation.